{"id":31,"date":"2021-05-30T11:38:37","date_gmt":"2021-05-30T09:38:37","guid":{"rendered":"https:\/\/medien-doktor.de\/mediate\/?page_id=31"},"modified":"2021-10-11T14:19:33","modified_gmt":"2021-10-11T12:19:33","slug":"home","status":"publish","type":"page","link":"https:\/\/medien-doktor.de\/mediate\/","title":{"rendered":"Home"},"content":{"rendered":"<p>[et_pb_section fb_built=&#8220;1&#8243; _builder_version=&#8220;4.9.4&#8243; _module_preset=&#8220;default&#8220; custom_padding=&#8220;10px|||||&#8220; da_disable_devices=&#8220;off|off|off&#8220; global_colors_info=&#8220;{}&#8220; da_is_popup=&#8220;off&#8220; da_exit_intent=&#8220;off&#8220; da_has_close=&#8220;on&#8220; da_alt_close=&#8220;off&#8220; da_dark_close=&#8220;off&#8220; da_not_modal=&#8220;on&#8220; da_is_singular=&#8220;off&#8220; da_with_loader=&#8220;off&#8220; da_has_shadow=&#8220;on&#8220;][et_pb_row column_structure=&#8220;2_3,1_3&#8243; _builder_version=&#8220;4.9.4&#8243; _module_preset=&#8220;default&#8220; global_colors_info=&#8220;{}&#8220;][et_pb_column type=&#8220;2_3&#8243; _builder_version=&#8220;4.9.4&#8243; _module_preset=&#8220;default&#8220; global_colors_info=&#8220;{}&#8220;][et_pb_de_mach_archive_loop loop_layout=&#8220;146&#8243; posts_number=&#8220;5&#8243; order_asc_desc=&#8220;DESC&#8220; link_whole_gird=&#8220;off&#8220; columns=&#8220;1&#8243; columns_tablet=&#8220;1&#8243; _builder_version=&#8220;4.11.1&#8243; _module_preset=&#8220;default&#8220; global_colors_info=&#8220;{}&#8220;][\/et_pb_de_mach_archive_loop][et_pb_button _builder_version=&#8220;4.11.2&#8243; _module_preset=&#8220;default&#8220; button_text=&#8220;Alle bewerteten Beitr\u00e4ge&#8220; button_url=&#8220;\/mediate\/bewertungen&#8220; hover_enabled=&#8220;0&#8243; sticky_enabled=&#8220;0&#8243;][\/et_pb_button][\/et_pb_column][et_pb_column type=&#8220;1_3&#8243; _builder_version=&#8220;4.9.4&#8243; _module_preset=&#8220;default&#8220; background_color=&#8220;#F6F6F6&#8243; custom_padding=&#8220;20px|20px|20px|20px|false|false&#8220; global_colors_info=&#8220;{}&#8220;][et_pb_image src=&#8220;https:\/\/medien-doktor.de\/mediate\/wp-content\/uploads\/sites\/4\/2021\/10\/MEDIATE_logo_mit_text_web.jpg&#8220; alt=&#8220;Logo MEDIATE&#8220; title_text=&#8220;MEDIATE_logo_mit_text_web&#8220; admin_label=&#8220;Logo MEDIATE&#8220; _builder_version=&#8220;4.11.1&#8243; _module_preset=&#8220;default&#8220; global_colors_info=&#8220;{}&#8220;][\/et_pb_image][et_pb_text admin_label=&#8220;Was ist das Projekt MEDIATE&#8220; _builder_version=&#8220;4.11.1&#8243; _module_preset=&#8220;default&#8220; text_text_color=&#8220;#000000&#8243; text_font_size=&#8220;14px&#8220; header_2_text_color=&#8220;#444444&#8243; global_colors_info=&#8220;{}&#8220;]<\/p>\n<h3>Was ist das Projekt MEDIATE?<\/h3>\n<p>Im Rahmen eines Forschungs- und Dialogprojekts untersuchte der Medien-Doktor von Oktober 20217 bis M\u00e4rz 2020 die Berichterstattung \u00fcber <b>medizinische Diagnosetests<\/b> und deren ethische, rechtliche und soziale Folgen. Damit soll der \u00f6ffentliche Diskurs und die Qualit\u00e4t wissenschaftsjournalistischer und institutioneller Medizinkommunikation gest\u00e4rkt werden. So hoffen wir, die Berichterstattung \u00fcber diese medizinischen Verfahren besser und verst\u00e4ndlicher zu machen.<\/p>\n<p>[\/et_pb_text][et_pb_button button_url=&#8220;\/mediate\/wer-sind-wir\/&#8220; button_text=&#8220;Mehr Infos&#8220; _builder_version=&#8220;4.11.1&#8243; _module_preset=&#8220;default&#8220; global_colors_info=&#8220;{}&#8220;][\/et_pb_button][et_pb_image src=&#8220;https:\/\/medien-doktor.de\/mediate\/wp-content\/uploads\/sites\/4\/2021\/05\/BMBF_RGB_Gef_L.png&#8220; alt=&#8220;Logo BMBF&#8220; title_text=&#8220;BMBF_RGB_Gef_L&#8220; align=&#8220;center&#8220; admin_label=&#8220;Logo BMBF&#8220; _builder_version=&#8220;4.11.1&#8243; _module_preset=&#8220;default&#8220; global_colors_info=&#8220;{}&#8220;][\/et_pb_image][\/et_pb_column][\/et_pb_row][\/et_pb_section]<\/p>\n","protected":false},"excerpt":{"rendered":"<p>Im Rahmen eines Forschungs- und Dialogprojekts untersuchte der Medien-Doktor von Oktober 20217 bis M\u00e4rz 2020 die Berichterstattung \u00fcber medizinische Diagnosetests und deren ethische, rechtliche und soziale Folgen. Damit soll der \u00f6ffentliche Diskurs und die Qualit\u00e4t wissenschaftsjournalistischer und institutioneller Medizinkommunikation gest\u00e4rkt werden.<\/p>\n","protected":false},"author":2,"featured_media":0,"parent":0,"menu_order":0,"comment_status":"closed","ping_status":"closed","template":"","meta":{"_acf_changed":false,"_et_pb_use_builder":"on","_et_pb_old_content":"","_et_gb_content_width":"","footnotes":""},"class_list":["post-31","page","type-page","status-publish","hentry"],"acf":[],"_links":{"self":[{"href":"https:\/\/medien-doktor.de\/mediate\/wp-json\/wp\/v2\/pages\/31","targetHints":{"allow":["GET"]}}],"collection":[{"href":"https:\/\/medien-doktor.de\/mediate\/wp-json\/wp\/v2\/pages"}],"about":[{"href":"https:\/\/medien-doktor.de\/mediate\/wp-json\/wp\/v2\/types\/page"}],"author":[{"embeddable":true,"href":"https:\/\/medien-doktor.de\/mediate\/wp-json\/wp\/v2\/users\/2"}],"replies":[{"embeddable":true,"href":"https:\/\/medien-doktor.de\/mediate\/wp-json\/wp\/v2\/comments?post=31"}],"version-history":[{"count":36,"href":"https:\/\/medien-doktor.de\/mediate\/wp-json\/wp\/v2\/pages\/31\/revisions"}],"predecessor-version":[{"id":2782,"href":"https:\/\/medien-doktor.de\/mediate\/wp-json\/wp\/v2\/pages\/31\/revisions\/2782"}],"wp:attachment":[{"href":"https:\/\/medien-doktor.de\/mediate\/wp-json\/wp\/v2\/media?parent=31"}],"curies":[{"name":"wp","href":"https:\/\/api.w.org\/{rel}","templated":true}]}}

<p>[et_pb_section fb_built=&#8220;1&#8243; _builder_version=&#8220;4.9.4&#8243; _module_preset=&#8220;default&#8220; custom_padding=&#8220;10px|||||&#8220; da_disable_devices=&#8220;off|off|off&#8220; global_colors_info=&#8220;{}&#8220; da_is_popup=&#8220;off&#8220; da_exit_intent=&#8220;off&#8220; da_has_close=&#8220;on&#8220; da_alt_close=&#8220;off&#8220; da_dark_close=&#8220;off&#8220; da_not_modal=&#8220;on&#8220; da_is_singular=&#8220;off&#8220; da_with_loader=&#8220;off&#8220; da_has_shadow=&#8220;on&#8220;][et_pb_row column_structure=&#8220;2_3,1_3&#8243; _builder_version=&#8220;4.9.4&#8243; _module_preset=&#8220;default&#8220; global_colors_info=&#8220;{}&#8220;][et_pb_column type=&#8220;2_3&#8243; _builder_version=&#8220;4.9.4&#8243; _module_preset=&#8220;default&#8220; global_colors_info=&#8220;{}&#8220;][et_pb_de_mach_archive_loop loop_layout=&#8220;146&#8243; posts_number=&#8220;5&#8243; order_asc_desc=&#8220;DESC&#8220; link_whole_gird=&#8220;off&#8220; columns=&#8220;1&#8243; columns_tablet=&#8220;1&#8243; _builder_version=&#8220;4.11.1&#8243; _module_preset=&#8220;default&#8220; global_colors_info=&#8220;{}&#8220;][/et_pb_de_mach_archive_loop][et_pb_button _builder_version=&#8220;4.11.2&#8243; _module_preset=&#8220;default&#8220; button_text=&#8220;Alle bewerteten Beiträge&#8220; button_url=&#8220;/mediate/bewertungen&#8220; hover_enabled=&#8220;0&#8243; sticky_enabled=&#8220;0&#8243;][/et_pb_button][/et_pb_column][et_pb_column type=&#8220;1_3&#8243; _builder_version=&#8220;4.9.4&#8243; _module_preset=&#8220;default&#8220; background_color=&#8220;#F6F6F6&#8243; custom_padding=&#8220;20px|20px|20px|20px|false|false&#8220; global_colors_info=&#8220;{}&#8220;][et_pb_image src=&#8220;https://medien-doktor.de/mediate/wp-content/uploads/sites/4/2021/10/MEDIATE_logo_mit_text_web.jpg&#8220; alt=&#8220;Logo MEDIATE&#8220; title_text=&#8220;MEDIATE_logo_mit_text_web&#8220; admin_label=&#8220;Logo MEDIATE&#8220; _builder_version=&#8220;4.11.1&#8243; _module_preset=&#8220;default&#8220; global_colors_info=&#8220;{}&#8220;][/et_pb_image][et_pb_text admin_label=&#8220;Was ist das Projekt MEDIATE&#8220; _builder_version=&#8220;4.11.1&#8243; _module_preset=&#8220;default&#8220; text_text_color=&#8220;#000000&#8243; text_font_size=&#8220;14px&#8220; header_2_text_color=&#8220;#444444&#8243; global_colors_info=&#8220;{}&#8220;]</p>
<h3>Was ist das Projekt MEDIATE?</h3>
<p>Im Rahmen eines Forschungs- und Dialogprojekts untersuchte der Medien-Doktor von Oktober 20217 bis März 2020 die Berichterstattung über <b>medizinische Diagnosetests</b> und deren ethische, rechtliche und soziale Folgen. Damit soll der öffentliche Diskurs und die Qualität wissenschaftsjournalistischer und institutioneller Medizinkommunikation gestärkt werden. So hoffen wir, die Berichterstattung über diese medizinischen Verfahren besser und verständlicher zu machen.</p>
<p>[/et_pb_text][et_pb_button button_url=&#8220;/mediate/wer-sind-wir/&#8220; button_text=&#8220;Mehr Infos&#8220; _builder_version=&#8220;4.11.1&#8243; _module_preset=&#8220;default&#8220; global_colors_info=&#8220;{}&#8220;][/et_pb_button][et_pb_image src=&#8220;https://medien-doktor.de/mediate/wp-content/uploads/sites/4/2021/05/BMBF_RGB_Gef_L.png&#8220; alt=&#8220;Logo BMBF&#8220; title_text=&#8220;BMBF_RGB_Gef_L&#8220; align=&#8220;center&#8220; admin_label=&#8220;Logo BMBF&#8220; _builder_version=&#8220;4.11.1&#8243; _module_preset=&#8220;default&#8220; global_colors_info=&#8220;{}&#8220;][/et_pb_image][/et_pb_column][/et_pb_row][/et_pb_section]</p>

<p>Im Rahmen eines Forschungs- und Dialogprojekts untersuchte der Medien-Doktor von Oktober 20217 bis März 2020 die Berichterstattung über medizinische Diagnosetests und deren ethische, rechtliche und soziale Folgen. Damit soll der öffentliche Diskurs und die Qualität wissenschaftsjournalistischer und institutioneller Medizinkommunikation gestärkt werden.</p>
