{"id":522,"date":"2021-07-23T19:56:08","date_gmt":"2021-07-23T17:56:08","guid":{"rendered":"https:\/\/medien-doktor.de\/gesundheit\/?page_id=522"},"modified":"2021-11-17T14:21:27","modified_gmt":"2021-11-17T13:21:27","slug":"wie-begutachten-wir","status":"publish","type":"page","link":"https:\/\/medien-doktor.de\/gesundheit\/wie-begutachten-wir\/","title":{"rendered":"Wie begutachten wir?"},"content":{"rendered":"<p>[et_pb_section fb_built=&#8220;1&#8243; _builder_version=&#8220;4.9.4&#8243; _module_preset=&#8220;default&#8220; custom_padding=&#8220;10px|||||&#8220; da_disable_devices=&#8220;off|off|off&#8220; global_colors_info=&#8220;{}&#8220; da_is_popup=&#8220;off&#8220; da_exit_intent=&#8220;off&#8220; da_has_close=&#8220;on&#8220; da_alt_close=&#8220;off&#8220; da_dark_close=&#8220;off&#8220; da_not_modal=&#8220;on&#8220; da_is_singular=&#8220;off&#8220; da_with_loader=&#8220;off&#8220; da_has_shadow=&#8220;on&#8220;][et_pb_row column_structure=&#8220;2_3,1_3&#8243; _builder_version=&#8220;4.9.4&#8243; _module_preset=&#8220;default&#8220; global_colors_info=&#8220;{}&#8220;][et_pb_column type=&#8220;2_3&#8243; _builder_version=&#8220;4.9.4&#8243; _module_preset=&#8220;default&#8220; global_colors_info=&#8220;{}&#8220;][et_pb_text admin_label=&#8220;\u00dcberschrift &#8220; _builder_version=&#8220;4.9.10&#8243; _module_preset=&#8220;default&#8220; global_colors_info=&#8220;{}&#8220;]<\/p>\n<h1 class=\"rounded-right\">Wie begutachten wir?<\/h1>\n<p>[\/et_pb_text][et_pb_text admin_label=&#8220;Text Wie begutachten wir&#8220; module_id=&#8220;1&#8243; _builder_version=&#8220;4.9.7&#8243; _module_preset=&#8220;default&#8220; global_colors_info=&#8220;{}&#8220;]<\/p>\n<p>Die Begutachtung folgt ein St\u00fcck weit dem Prinzip des \u201epeer review\u201c-Systems, wie es auch bei Begutachtungen in der Wissenschaft angewandt wird: Jeweils zwei Gutachter bewerten einen Beitrag entlang festgelegter Kriterien. Jedes Kriterium kann als \u201eerf\u00fcllt\u201c, \u201enicht erf\u00fcllt\u201c\u00a0oder \u201enicht anwendbar\u201c\u00a0bewertet werden. Die Bewertung und die entsprechenden Begr\u00fcndungen werden auf medien-doktor.de ver\u00f6ffentlicht. In besonderen F\u00e4llen kann zuvor ein dritter Gutachter hinzugezogen werden. Der Leitende Redakteur des Medien-Doktor fasst die Gutachten zusammen und entscheidet im Zweifelsfall in Absprache mit den Gutachtern \u00fcber die endg\u00fcltige Bewertung einzelner Kriterien (etwa wenn die Gutachter zu unterschiedlichen Ergebnissen kommen).<\/p>\n<p>Diese Grafik stellt den typischen Verlauf einer Begutachtung des Medien-Doktors dar:<\/p>\n<p>[\/et_pb_text][et_pb_image src=&#8220;https:\/\/medien-doktor.de\/gesundheit\/wp-content\/uploads\/sites\/2\/2021\/07\/ablauf.jpg&#8220; alt=&#8220;Grafik Ablauf Gutachtenerstellung&#8220; title_text=&#8220;ablauf&#8220; admin_label=&#8220;Grafik Ablauf &#8220; _builder_version=&#8220;4.9.7&#8243; _module_preset=&#8220;default&#8220; global_colors_info=&#8220;{}&#8220;][\/et_pb_image][et_pb_text admin_label=&#8220;Nach welchen Kriterien&#8220; _builder_version=&#8220;4.9.10&#8243; _module_preset=&#8220;default&#8220; global_colors_info=&#8220;{}&#8220;]<\/p>\n<h2>Nach welchen Kriterien bewerten wir die Beitr\u00e4ge?<\/h2>\n<p>Folgen Sie diesem\u00a0<a title=\"Die Kriterien\" href=\"https:\/\/medien-doktor.de\/gesundheit\/die-kriterien\/\">Link zu unseren Kriterien<\/a>.<\/p>\n<p>[\/et_pb_text][et_pb_text admin_label=&#8220;Sterne-Ermittlung&#8220; _builder_version=&#8220;4.9.10&#8243; _module_preset=&#8220;default&#8220; global_colors_info=&#8220;{}&#8220;]<\/p>\n<h2>Wie werden die Sterne ermittelt?<\/h2>\n<p>Folgen Sie diesem Link, um zu\u00a0<a title=\"Das Sterne-System\" href=\"https:\/\/medien-doktor.de\/gesundheit\/das-sterne-system\/\">erfahren, was die Anzahl der Sterne aussagt<\/a>. Wichtig: Die Sterne dienen lediglich einer ersten Orientierung, viel wichtiger sind jeweils die Kommentare zu den einzelnen Kriterien.<\/p>\n<p>[\/et_pb_text][et_pb_text admin_label=&#8220;Welche Beitr\u00e4ge&#8220; _builder_version=&#8220;4.9.10&#8243; _module_preset=&#8220;default&#8220; global_colors_info=&#8220;{}&#8220;]<\/p>\n<h2>Welche Art medizinjournalistischer Beitr\u00e4ge bewerten wir?<\/h2>\n<p>Der Medien-Doktor bewertet nicht jeden Beitrag, in dem Medizin oder Gesundheit ein Thema ist. Auf manche Arten des Medizinjournalismus sind die international erprobten Kriterien kaum anwendbar. Wir w\u00e4hlen daher vorzugsweise einen Beitrag aus, wenn er eine therapeutische Aussage zu einer speziellen Behandlung, einem Produkt, einem Medikament, einem Wirkstoff, einem chirurgischen Verfahren oder einem diagnostischen Test o. \u00e4. trifft. Wenig oder gar nicht geeignet sind Beitr\u00e4ge in denen z. B. zu viele Interventionen f\u00fcr eine Erkrankung ausf\u00fchrlich vorgestellt werden (z. B.: Welche Behandlungsm\u00f6glichkeiten gibt es \u00fcberhaupt f\u00fcr Typ-2 Diabetes?). Viele der verwendeten Kriterien lassen sich im Allgemeinen nur auf Beitr\u00e4ge anwenden, in denen einzelne oder einige wenige spezifische Interventionen gegen eine einzelne Erkrankung (oder Beschwerde) vorgestellt werden (z. B. ein Wirkstoff gegen Migr\u00e4ne). Auch Berichte \u00fcber die medizinische Grundlagenforschung lassen sich mit vielen der bisherigen Kriterien nicht gut erfassen. Hier ist langfristig jedoch an eine Weiterentwicklung der international erprobten Kriterien gedacht.<\/p>\n<p>Mit dem Start des neuen Medien-Doktors Gesundheit legen wir besonderen Wert auf Aktualit\u00e4t. Die zu beurteilenden Beitr\u00e4ge sollen also zeitnah nach Erscheinen von unseren Gutachterinnen und Gutachtern bewertet werden.<\/p>\n<p>Beitr\u00e4ge, die wir derzeit begutachten, k\u00f6nnen also vorwiegend Folgendes behandeln:<\/p>\n<ul class=\"bullet-circle\">\n<li style=\"list-style-type: none\">\n<ul>\n<li>zu erforschende Wirkstoffe, Anwendungen oder Verfahren<\/li>\n<li>Vitamine oder Nahrungserg\u00e4nzungsmittel<\/li>\n<li>diagnostische Tests oder Tests zu Screeningzwecken<\/li>\n<li>Ern\u00e4hrungsempfehlungen<\/li>\n<li>Chirurgische Verfahren<\/li>\n<\/ul>\n<\/li>\n<\/ul>\n<p>[\/et_pb_text][et_pb_text admin_label=&#8220;Wer begutachtet&#8220; _builder_version=&#8220;4.9.10&#8243; _module_preset=&#8220;default&#8220; global_colors_info=&#8220;{}&#8220;]<\/p>\n<h2>Wer begutachtet Artikel und Beitr\u00e4ge?<\/h2>\n<p>Das Team der Gutachter setzt sich aus einer Gruppe erfahrener Medizin- und Wissenschaftsjournalisten zusammen, die selbst viele Jahre als Redakteur oder Autor gearbeitet haben oder noch arbeiten. F\u00fcr jedes Review bestimmen zwei Gutachter die Qualit\u00e4t eines Beitrags anhand eines standardisierten Bewertungsverfahrens. Die Beitr\u00e4ge werden beurteilt und die Kritik auf dieser Webseite ver\u00f6ffentlicht.<\/p>\n<p>Wenn Sie mehr \u00fcber unsere Mitarbeiter und Gutachter erfahren wollen,\u00a0<a title=\"Wer sind wir\" href=\"https:\/\/medien-doktor.de\/gesundheit\/gutachter\/\">schauen Sie bitte hier nach<\/a>.<\/p>\n<p>[\/et_pb_text][et_pb_text admin_label=&#8220;Welche Nachrichtenquellen&#8220; _builder_version=&#8220;4.9.10&#8243; _module_preset=&#8220;default&#8220; global_colors_info=&#8220;{}&#8220;]<\/p>\n<h2>Welche Nachrichtenquellen und Medien begutachten wir regelm\u00e4\u00dfig?<\/h2>\n<p>Seit dem Beginn des Projektes im November 2010 durchsuchen wir regelm\u00e4\u00dfig eine breite Palette von Publikumsmedien in Print, Internet, Radio und TV. Die aktuelle Liste\u00a0<a title=\"Wen begutachten wir\" href=\"https:\/\/medien-doktor.de\/gesundheit\/wen-begutachten-wir\/\">finden Sie hier<\/a>. Wir werden k\u00fcnftig auch weitere Quellen beobachten und ihre Beitr\u00e4ge bewerten.<\/p>\n<p>[\/et_pb_text][\/et_pb_column][et_pb_column type=&#8220;1_3&#8243; _builder_version=&#8220;4.9.4&#8243; _module_preset=&#8220;default&#8220; background_color=&#8220;#F6F6F6&#8243; custom_padding=&#8220;20px|20px|20px|20px|false|false&#8220; global_colors_info=&#8220;{}&#8220;][et_pb_text ol_position=&#8220;outside&#8220; ol_item_indent=&#8220;20px&#8220; admin_label=&#8220;Kriterien-Kasten Gesundheit&#8220; _builder_version=&#8220;4.10.8&#8243; _module_preset=&#8220;default&#8220; text_text_color=&#8220;#000000&#8243; text_font_size=&#8220;14px&#8220; text_line_height=&#8220;2.1em&#8220; ol_text_align=&#8220;left&#8220; ol_line_height=&#8220;2.4em&#8220; header_2_text_color=&#8220;#444444&#8243; background_color=&#8220;#f6f6f6&#8243; module_alignment=&#8220;left&#8220; custom_padding=&#8220;15px|15px|15px|15px|false|false&#8220; global_module=&#8220;1285&#8243; saved_tabs=&#8220;all&#8220; locked=&#8220;off&#8220; global_colors_info=&#8220;{}&#8220;]<\/p>\n<h3>Die Kriterien des<br \/>Medien-Doktor GESUNDHEIT<\/h3>\n<ol>\n<li><a href=\"http:\/\/www.medien-doktor.de\/gesundheit\/die-kriterien\/#nutzen\">POSITIVE EFFEKTE (NUTZEN)<\/a><\/li>\n<li><a href=\"http:\/\/www.medien-doktor.de\/gesundheit\/die-kriterien\/#risiken\">RISIKEN &amp; NEBENWIRKUNGEN<\/a><\/li>\n<li><a href=\"http:\/\/www.medien-doktor.de\/gesundheit\/die-kriterien\/#verfuegbar\">VERF\u00dcGBARKEIT<\/a><\/li>\n<li><a href=\"http:\/\/www.medien-doktor.de\/gesundheit\/die-kriterien\/#alternativen\">ALTERNATIVEN<\/a><\/li>\n<li><a href=\"http:\/\/www.medien-doktor.de\/gesundheit\/die-kriterien\/#kosten\">KOSTEN<\/a><\/li>\n<li><a href=\"http:\/\/www.medien-doktor.de\/gesundheit\/die-kriterien\/#uebertreibung\">KRANKHEITS\u00dcBERTREIBUNG \/ -ERFINDUNG<\/a><\/li>\n<li><a href=\"http:\/\/www.medien-doktor.de\/gesundheit\/die-kriterien\/#belege\">BELEGE \/ EVIDENZ<\/a><\/li>\n<li><a href=\"http:\/\/www.medien-doktor.de\/gesundheit\/die-kriterien\/#experten\">EXPERTEN \/ QUELLENTRANSPARENZ<\/a><\/li>\n<li><a href=\"http:\/\/www.medien-doktor.de\/gesundheit\/die-kriterien\/#interessen\">INTERESSENKONFLIKTE<\/a><\/li>\n<li><a href=\"http:\/\/www.medien-doktor.de\/gesundheit\/die-kriterien\/#einordnung\">EINORDNUNG IN DEN KONTEXT<\/a><\/li>\n<li><a href=\"http:\/\/www.medien-doktor.de\/gesundheit\/die-kriterien\/#faktentreue\">FAKTENTREUE<\/a><\/li>\n<li><a href=\"http:\/\/www.medien-doktor.de\/gesundheit\/die-kriterien\/#eigenleistung\">JOURNALISTISCHE EIGENLEISTUNG<\/a><\/li>\n<li><a href=\"http:\/\/www.medien-doktor.de\/gesundheit\/die-kriterien\/#attraktivitaet\">ATTRAKTIVIT\u00c4T DER DARSTELLUNG<\/a><\/li>\n<li><a href=\"http:\/\/www.medien-doktor.de\/gesundheit\/die-kriterien\/#verstaendlichkeit\">VERST\u00c4NDLICHKEIT<\/a><\/li>\n<li><a href=\"http:\/\/www.medien-doktor.de\/gesundheit\/die-kriterien\/#themenauswahl\">THEMENAUSWAHL<\/a><\/li>\n<\/ol>\n<p>[\/et_pb_text][et_pb_divider _builder_version=&#8220;4.13.1&#8243; _module_preset=&#8220;default&#8220; hover_enabled=&#8220;0&#8243; sticky_enabled=&#8220;0&#8243;][\/et_pb_divider][et_pb_text admin_label=&#8220;F\u00f6rderer MD-Gesundheit &#8220; _builder_version=&#8220;4.13.1&#8243; _module_preset=&#8220;default&#8220; global_colors_info=&#8220;{}&#8220; global_module=&#8220;2975&#8243; theme_builder_area=&#8220;post_content&#8220;]<\/p>\n<h3>F\u00f6rderer:<\/h3>\n<p>&nbsp;<\/p>\n<p><img loading=\"lazy\" decoding=\"async\" class=\"wp-image-13 alignnone \" src=\"https:\/\/medien-doktor.de\/gesundheit\/wp-content\/uploads\/sites\/2\/2021\/05\/wort-bild-300x222.jpg\" alt=\"Logo des Wort &amp; Bild Verlags\" width=\"161\" height=\"119\" \/><\/p>\n<p>&nbsp;<\/p>\n<p><img loading=\"lazy\" decoding=\"async\" class=\"wp-image-10 alignnone \" src=\"https:\/\/medien-doktor.de\/gesundheit\/wp-content\/uploads\/sites\/2\/2021\/05\/expbio-300x64.png\" alt=\"\" width=\"239\" height=\"51\" \/><\/p>\n<p>&nbsp;<\/p>\n<p><img loading=\"lazy\" decoding=\"async\" class=\"wp-image-11 alignnone \" src=\"https:\/\/medien-doktor.de\/gesundheit\/wp-content\/uploads\/sites\/2\/2021\/05\/logo-wpk.org_.png\" alt=\"\" width=\"133\" height=\"72\" \/><\/p>\n<p>&nbsp;<\/p>\n<p><img loading=\"lazy\" decoding=\"async\" class=\"wp-image-12 alignnone \" src=\"https:\/\/medien-doktor.de\/gesundheit\/wp-content\/uploads\/sites\/2\/2021\/05\/logo_vmwj.png\" alt=\"\" width=\"151\" height=\"39\" \/><\/p>\n<p>&nbsp;<\/p>\n<p>[\/et_pb_text][\/et_pb_column][\/et_pb_row][\/et_pb_section]<\/p>\n","protected":false},"excerpt":{"rendered":"<p>Wie begutachten wir?Die Begutachtung folgt ein St\u00fcck weit dem Prinzip des \u201epeer review\u201c-Systems, wie es auch bei Begutachtungen in der Wissenschaft angewandt wird: Jeweils zwei Gutachter bewerten einen Beitrag entlang festgelegter Kriterien. Jedes Kriterium kann als \u201eerf\u00fcllt\u201c, \u201enicht erf\u00fcllt\u201c\u00a0oder \u201enicht anwendbar\u201c\u00a0bewertet werden. Die Bewertung und die entsprechenden Begr\u00fcndungen werden auf medien-doktor.de ver\u00f6ffentlicht. In besonderen F\u00e4llen [&hellip;]<\/p>\n","protected":false},"author":8,"featured_media":0,"parent":0,"menu_order":0,"comment_status":"closed","ping_status":"closed","template":"","meta":{"_acf_changed":false,"_et_pb_use_builder":"on","_et_pb_old_content":"","_et_gb_content_width":"","footnotes":""},"class_list":["post-522","page","type-page","status-publish","hentry"],"acf":[],"_links":{"self":[{"href":"https:\/\/medien-doktor.de\/gesundheit\/wp-json\/wp\/v2\/pages\/522","targetHints":{"allow":["GET"]}}],"collection":[{"href":"https:\/\/medien-doktor.de\/gesundheit\/wp-json\/wp\/v2\/pages"}],"about":[{"href":"https:\/\/medien-doktor.de\/gesundheit\/wp-json\/wp\/v2\/types\/page"}],"author":[{"embeddable":true,"href":"https:\/\/medien-doktor.de\/gesundheit\/wp-json\/wp\/v2\/users\/8"}],"replies":[{"embeddable":true,"href":"https:\/\/medien-doktor.de\/gesundheit\/wp-json\/wp\/v2\/comments?post=522"}],"version-history":[{"count":24,"href":"https:\/\/medien-doktor.de\/gesundheit\/wp-json\/wp\/v2\/pages\/522\/revisions"}],"predecessor-version":[{"id":3053,"href":"https:\/\/medien-doktor.de\/gesundheit\/wp-json\/wp\/v2\/pages\/522\/revisions\/3053"}],"wp:attachment":[{"href":"https:\/\/medien-doktor.de\/gesundheit\/wp-json\/wp\/v2\/media?parent=522"}],"curies":[{"name":"wp","href":"https:\/\/api.w.org\/{rel}","templated":true}]}}