{"id":510,"date":"2021-07-23T19:48:16","date_gmt":"2021-07-23T17:48:16","guid":{"rendered":"https:\/\/medien-doktor.de\/gesundheit\/?page_id=510"},"modified":"2021-11-17T14:19:59","modified_gmt":"2021-11-17T13:19:59","slug":"wen-begutachten-wir","status":"publish","type":"page","link":"https:\/\/medien-doktor.de\/gesundheit\/wen-begutachten-wir\/","title":{"rendered":"Wen begutachten wir?"},"content":{"rendered":"<p>[et_pb_section fb_built=&#8220;1&#8243; _builder_version=&#8220;4.9.4&#8243; _module_preset=&#8220;default&#8220; custom_padding=&#8220;10px|||||&#8220; da_disable_devices=&#8220;off|off|off&#8220; global_colors_info=&#8220;{}&#8220; da_is_popup=&#8220;off&#8220; da_exit_intent=&#8220;off&#8220; da_has_close=&#8220;on&#8220; da_alt_close=&#8220;off&#8220; da_dark_close=&#8220;off&#8220; da_not_modal=&#8220;on&#8220; da_is_singular=&#8220;off&#8220; da_with_loader=&#8220;off&#8220; da_has_shadow=&#8220;on&#8220;][et_pb_row column_structure=&#8220;2_3,1_3&#8243; _builder_version=&#8220;4.9.4&#8243; _module_preset=&#8220;default&#8220; global_colors_info=&#8220;{}&#8220;][et_pb_column type=&#8220;2_3&#8243; _builder_version=&#8220;4.9.4&#8243; _module_preset=&#8220;default&#8220; global_colors_info=&#8220;{}&#8220;][et_pb_text admin_label=&#8220;Titel Wen begutachten wir? &#8220; _builder_version=&#8220;4.9.7&#8243; _module_preset=&#8220;default&#8220; global_colors_info=&#8220;{}&#8220;]<\/p>\n<h2 class=\"rounded-right\">Wen begutachten wir?<\/h2>\n<p>[\/et_pb_text][et_pb_text admin_label=&#8220;Text Wen begutachten wir?&#8220; module_id=&#8220;1&#8243; _builder_version=&#8220;4.9.10&#8243; _module_preset=&#8220;default&#8220; global_colors_info=&#8220;{}&#8220;]<\/p>\n<p>Medizin ist ein beliebtes und somit weit verbreitetes Thema in den Medien. Daher kann der Medien-Doktor nicht die gesamte Medizinberichterstattung in Deutschland beobachten, sondern muss sich auf eine Auswahl von Medien beschr\u00e4nken. Mit dem Start des Medien-Doktor MEDIZIN im November 2010 haben wir zun\u00e4chst per Zufallsauswahl aus den unten aufgelisteten Medien Beitr\u00e4ge ausgesucht, die f\u00fcr eine Bewertung nach unseren Kriterien in Frage kommen. Die endg\u00fcltige Auswahl eines Beitrags erfolgte dann zum Teil \u00a0auch nach redaktionellen Gesichtspunkten (\u201estratifizierte Zufallsauswahl\u201c).<\/p>\n<p>F\u00fcr den im Juni 2019 gestarteten Medien-Doktor GESUNDHEIT nehmen wir dagegen keine zuf\u00e4llige Auswahl mehr vor. Stattdessen bitten wir unsere Gutachterinnen und Gutachter sowie weitere Partner um Hinweise auf Beitr\u00e4ge, die ihnen auf den ersten Blick als besonders herausragend oder misslungen aufgefallen sind. Hierbei werden wir priorit\u00e4r zwar weiterhin die gelisteten Medien betrachten, aber auch interessante Vorschl\u00e4ge aus anderen Medien aufnehmen. Auf diese Weise entsteht eine Sammlung von Fallbeispielen mit \u201ebest-practice\u201c- und \u201eworst practice\u201c-F\u00e4llen der Berichterstattung, wie sie in der Journalistenweiterbildung besonders hilfreich sind. Bei dem neuen Auswahlverfahren legen wir zudem ein noch gr\u00f6\u00dferes Augenmerk auf die Aktualit\u00e4t. Daher sollen die Bewertungen der Beitr\u00e4ge m\u00f6glichst zeitnah nach Erscheinen auf der Seite ver\u00f6ffentlicht werden.<\/p>\n<p>Da es im Vorfeld kaum aktuelle und detaillierte Untersuchungen \u00fcber Art und Umfang der Medizinberichterstattung in Deutschland gab, auf die man die Auswahl h\u00e4tte st\u00fctzen k\u00f6nnen, wurde die Liste der beobachteten Medien im Laufe der Zeit immer wieder leicht angepasst. Einige Medien wurden (z. B. mangels geeigneter Beitr\u00e4ge) wieder herausgenommen, andere sind (z. B. auch auf Anregung unserer Leserinnen und Leser) hinzukommen. Weiterhin folgt die Auswahl der bisher beobachteten Medien aber folgenden Rahmenbedingungen:<\/p>\n<ul class=\"bullet-arrow\">\n<li style=\"list-style-type: none\">\n<ul>\n<li>Handelt es sich um ein Leitmedium? (gem\u00e4\u00df der \u201eJournalisten in Deutschland\u201c-Studie von Weischenberg, Malik und Scholl: Die Souffleure der Mediengesellschaft. UVK Verlagsgesellschaft, 2006)<\/li>\n<li>Hat das Medium eine hohe Verbreitung? (\u00fcberregional bzw. regional, gem\u00e4\u00df IVW; bei regionalen Tageszeitungen wurde auch auf eine Abdeckung m\u00f6glichst vieler Regionen in Deutschland geachtet)<\/li>\n<li>Hat das Medium ein allgemeines Publikum? (Fachmedien werden zun\u00e4chst nicht begutachtet)<\/li>\n<\/ul>\n<\/li>\n<\/ul>\n<p>In der Rubrik \u201eSpezial\u201c oder im Rahmen spezieller Forschungsprojekte sollen ferner regelm\u00e4\u00dfig weitere Medien unter bestimmten Fragestellungen untersucht werden (z. B. \u201eMedizinberichterstattung in Frauenzeitschriften\u201c im Rahmen des Medien-Doktor GESUNDHEIT oder \u201eMedizinberichterstattung \u00fcber diagnostische Tests\u201c im Rahmen des Projekts\u00a0MEDIATE). Auch haben wir verst\u00e4rkt Pressemitteilungen von Forschungsreinrichtungen untersucht, die \u00fcber den idw verbreitet werden.<\/p>\n<p>[\/et_pb_text][et_pb_text admin_label=&#8220;Die Medien&#8220; module_id=&#8220;1&#8243; _builder_version=&#8220;4.13.1&#8243; _module_preset=&#8220;default&#8220; hover_enabled=&#8220;0&#8243; global_colors_info=&#8220;{}&#8220; sticky_enabled=&#8220;0&#8243;]<\/p>\n<h2>Die Medien<\/h2>\n<p>[\/et_pb_text][\/et_pb_column][et_pb_column type=&#8220;1_3&#8243; _builder_version=&#8220;4.9.4&#8243; _module_preset=&#8220;default&#8220; background_color=&#8220;#F6F6F6&#8243; custom_padding=&#8220;20px|20px|20px|20px|false|false&#8220; global_colors_info=&#8220;{}&#8220;][et_pb_text ol_position=&#8220;outside&#8220; ol_item_indent=&#8220;20px&#8220; admin_label=&#8220;Kriterien-Kasten Gesundheit&#8220; _builder_version=&#8220;4.10.8&#8243; _module_preset=&#8220;default&#8220; text_text_color=&#8220;#000000&#8243; text_font_size=&#8220;14px&#8220; text_line_height=&#8220;2.1em&#8220; ol_text_align=&#8220;left&#8220; ol_line_height=&#8220;2.4em&#8220; header_2_text_color=&#8220;#444444&#8243; background_color=&#8220;#f6f6f6&#8243; module_alignment=&#8220;left&#8220; custom_padding=&#8220;15px|15px|15px|15px|false|false&#8220; global_module=&#8220;1285&#8243; saved_tabs=&#8220;all&#8220; locked=&#8220;off&#8220; global_colors_info=&#8220;{}&#8220;]<\/p>\n<h3>Die Kriterien des<br \/>Medien-Doktor GESUNDHEIT<\/h3>\n<ol>\n<li><a href=\"http:\/\/www.medien-doktor.de\/gesundheit\/die-kriterien\/#nutzen\">POSITIVE EFFEKTE (NUTZEN)<\/a><\/li>\n<li><a href=\"http:\/\/www.medien-doktor.de\/gesundheit\/die-kriterien\/#risiken\">RISIKEN &amp; NEBENWIRKUNGEN<\/a><\/li>\n<li><a href=\"http:\/\/www.medien-doktor.de\/gesundheit\/die-kriterien\/#verfuegbar\">VERF\u00dcGBARKEIT<\/a><\/li>\n<li><a href=\"http:\/\/www.medien-doktor.de\/gesundheit\/die-kriterien\/#alternativen\">ALTERNATIVEN<\/a><\/li>\n<li><a href=\"http:\/\/www.medien-doktor.de\/gesundheit\/die-kriterien\/#kosten\">KOSTEN<\/a><\/li>\n<li><a href=\"http:\/\/www.medien-doktor.de\/gesundheit\/die-kriterien\/#uebertreibung\">KRANKHEITS\u00dcBERTREIBUNG \/ -ERFINDUNG<\/a><\/li>\n<li><a href=\"http:\/\/www.medien-doktor.de\/gesundheit\/die-kriterien\/#belege\">BELEGE \/ EVIDENZ<\/a><\/li>\n<li><a href=\"http:\/\/www.medien-doktor.de\/gesundheit\/die-kriterien\/#experten\">EXPERTEN \/ QUELLENTRANSPARENZ<\/a><\/li>\n<li><a href=\"http:\/\/www.medien-doktor.de\/gesundheit\/die-kriterien\/#interessen\">INTERESSENKONFLIKTE<\/a><\/li>\n<li><a href=\"http:\/\/www.medien-doktor.de\/gesundheit\/die-kriterien\/#einordnung\">EINORDNUNG IN DEN KONTEXT<\/a><\/li>\n<li><a href=\"http:\/\/www.medien-doktor.de\/gesundheit\/die-kriterien\/#faktentreue\">FAKTENTREUE<\/a><\/li>\n<li><a href=\"http:\/\/www.medien-doktor.de\/gesundheit\/die-kriterien\/#eigenleistung\">JOURNALISTISCHE EIGENLEISTUNG<\/a><\/li>\n<li><a href=\"http:\/\/www.medien-doktor.de\/gesundheit\/die-kriterien\/#attraktivitaet\">ATTRAKTIVIT\u00c4T DER DARSTELLUNG<\/a><\/li>\n<li><a href=\"http:\/\/www.medien-doktor.de\/gesundheit\/die-kriterien\/#verstaendlichkeit\">VERST\u00c4NDLICHKEIT<\/a><\/li>\n<li><a href=\"http:\/\/www.medien-doktor.de\/gesundheit\/die-kriterien\/#themenauswahl\">THEMENAUSWAHL<\/a><\/li>\n<\/ol>\n<p>[\/et_pb_text][\/et_pb_column][\/et_pb_row][et_pb_row column_structure=&#8220;1_3,1_3,1_3&#8243; _builder_version=&#8220;4.9.7&#8243; _module_preset=&#8220;default&#8220; global_colors_info=&#8220;{}&#8220;][et_pb_column type=&#8220;1_3&#8243; _builder_version=&#8220;4.9.7&#8243; _module_preset=&#8220;default&#8220; global_colors_info=&#8220;{}&#8220;][et_pb_text admin_label=&#8220;Die Medien (1)&#8220; _builder_version=&#8220;4.10.8&#8243; _module_preset=&#8220;default&#8220; global_colors_info=&#8220;{}&#8220;]<\/p>\n<ul>\n<li>dpa<\/li>\n<li>dapd (bis Jan. 2013)<\/li>\n<\/ul>\n<ul>\n<li>BILD<\/li>\n<li>S\u00fcddeutsche Zeitung<\/li>\n<li>FAZ<\/li>\n<li>Die Welt<\/li>\n<li>Die ZEIT<\/li>\n<li>Spiegel<\/li>\n<li>stern<\/li>\n<li>Focus<\/li>\n<\/ul>\n<ul>\n<li>Spiegel Online<\/li>\n<li>stern.de<\/li>\n<li>Focus.de<\/li>\n<li>ZEIT Online<\/li>\n<li>tagesspiegel.de<\/li>\n<li>bild.de (seit 1. April 2011)<\/li>\n<\/ul>\n<p>[\/et_pb_text][\/et_pb_column][et_pb_column type=&#8220;1_3&#8243; _builder_version=&#8220;4.9.7&#8243; _module_preset=&#8220;default&#8220; global_colors_info=&#8220;{}&#8220;][et_pb_text admin_label=&#8220;Die Medien (2)&#8220; _builder_version=&#8220;4.9.7&#8243; _module_preset=&#8220;default&#8220; global_colors_info=&#8220;{}&#8220;]<\/p>\n<ul>\n<li>tagesschau\/tagesthemen\/nachtmagazin<\/li>\n<li>heute\/heute journal\/heute nacht<\/li>\n<li>ARD Gesundheitsmagazine (seit Sept. 2011)<\/li>\n<li>ARD Politmagazine (seit Sept. 2013)<\/li>\n<\/ul>\n<ul>\n<li>Rheinische Post<\/li>\n<li>Frankfurter Rundschau<\/li>\n<li>S\u00e4chsische Zeitung<\/li>\n<li>Hamburger Abendblatt<\/li>\n<li>WAZ<\/li>\n<li>Stuttgarter Zeitung (m. Stuttgarter Nachr.)<\/li>\n<li>Rhein-Zeitung<\/li>\n<li>Ostseezeitung<\/li>\n<li>N\u00fcrnberger Nachrichten<\/li>\n<li>Hannoversche Allg. Zeit. (m. N. Presse)<\/li>\n<\/ul>\n<ul>\n<li>Informationen am Morgen\/Mittag (DLF)<\/li>\n<li>Sprechstunde (DLF)<\/li>\n<li>WDR Leonardo (seit Sept. 2013)<\/li>\n<li>NDR Radiovisite (seit Sept. 2013)<\/li>\n<\/ul>\n<p>[\/et_pb_text][\/et_pb_column][et_pb_column type=&#8220;1_3&#8243; _builder_version=&#8220;4.9.7&#8243; _module_preset=&#8220;default&#8220; global_colors_info=&#8220;{}&#8220;][et_pb_divider _builder_version=&#8220;4.13.1&#8243; _module_preset=&#8220;default&#8220; hover_enabled=&#8220;0&#8243; sticky_enabled=&#8220;0&#8243;][\/et_pb_divider][et_pb_text admin_label=&#8220;F\u00f6rderer MD-Gesundheit &#8220; _builder_version=&#8220;4.13.1&#8243; _module_preset=&#8220;default&#8220; global_colors_info=&#8220;{}&#8220; global_module=&#8220;2975&#8243; theme_builder_area=&#8220;post_content&#8220;]<\/p>\n<h3>F\u00f6rderer:<\/h3>\n<p>&nbsp;<\/p>\n<p><img loading=\"lazy\" decoding=\"async\" class=\"wp-image-13 alignnone \" src=\"https:\/\/medien-doktor.de\/gesundheit\/wp-content\/uploads\/sites\/2\/2021\/05\/wort-bild-300x222.jpg\" alt=\"Logo des Wort &amp; Bild Verlags\" width=\"161\" height=\"119\" \/><\/p>\n<p>&nbsp;<\/p>\n<p><img loading=\"lazy\" decoding=\"async\" class=\"wp-image-10 alignnone \" src=\"https:\/\/medien-doktor.de\/gesundheit\/wp-content\/uploads\/sites\/2\/2021\/05\/expbio-300x64.png\" alt=\"\" width=\"239\" height=\"51\" \/><\/p>\n<p>&nbsp;<\/p>\n<p><img loading=\"lazy\" decoding=\"async\" class=\"wp-image-11 alignnone \" src=\"https:\/\/medien-doktor.de\/gesundheit\/wp-content\/uploads\/sites\/2\/2021\/05\/logo-wpk.org_.png\" alt=\"\" width=\"133\" height=\"72\" \/><\/p>\n<p>&nbsp;<\/p>\n<p><img loading=\"lazy\" decoding=\"async\" class=\"wp-image-12 alignnone \" src=\"https:\/\/medien-doktor.de\/gesundheit\/wp-content\/uploads\/sites\/2\/2021\/05\/logo_vmwj.png\" alt=\"\" width=\"151\" height=\"39\" \/><\/p>\n<p>&nbsp;<\/p>\n<p>[\/et_pb_text][et_pb_divider _builder_version=&#8220;4.13.1&#8243; _module_preset=&#8220;default&#8220;][\/et_pb_divider][\/et_pb_column][\/et_pb_row][et_pb_row column_structure=&#8220;2_3,1_3&#8243; _builder_version=&#8220;4.9.7&#8243; _module_preset=&#8220;default&#8220; global_colors_info=&#8220;{}&#8220;][et_pb_column type=&#8220;2_3&#8243; _builder_version=&#8220;4.9.7&#8243; _module_preset=&#8220;default&#8220; global_colors_info=&#8220;{}&#8220;][et_pb_text admin_label=&#8220;Hinweis Sept. 2011&#8243; _builder_version=&#8220;4.9.7&#8243; _module_preset=&#8220;default&#8220; global_colors_info=&#8220;{}&#8220;][Hinweis Sept. 2011]<br \/>\nAufgrund der inzwischen offenbar sehr seltenen TV-Berichterstattung \u00fcber (neue) Therapien, Medikamente, Tests u.\u00e4. in den Hauptnachrichtensendungen, beziehen wir seit September 2011 \u2013 abweichend von unserer Standardstichprobe (s.o.) \u2013 versuchsweise andere TV-Formate (Gesundheitssendungen der Regionalprogramme (z.B. Visite (NDR) und Medizinzeit (WDR) und der ARD (Ratgeber Gesundheit)) mit ein.[\/et_pb_text][et_pb_text admin_label=&#8220;Hinweis Sept. 2013&#8243; _builder_version=&#8220;4.9.7&#8243; _module_preset=&#8220;default&#8220; global_colors_info=&#8220;{}&#8220;][Hinweis Sept. 2013]<br \/>\nAufgrund der seltenen Radioberichterstattung \u00fcber (neue) Therapien, Medikamente, Tests u.\u00e4. in den DLF Nachrichtensendungen (Informationen am Morgen\/Mittag) beziehen wir auch Radiosendungen anderer Sender mit ein, um in diesem Bereich die Anzahl der Bewertungen zu erh\u00f6hen (z.B. NDR Radiovisite, WDR Leonardo).[\/et_pb_text][\/et_pb_column][et_pb_column type=&#8220;1_3&#8243; _builder_version=&#8220;4.9.7&#8243; _module_preset=&#8220;default&#8220; global_colors_info=&#8220;{}&#8220;][\/et_pb_column][\/et_pb_row][\/et_pb_section]<\/p>\n","protected":false},"excerpt":{"rendered":"<p>Wen begutachten wir?Medizin ist ein beliebtes und somit weit verbreitetes Thema in den Medien. Daher kann der Medien-Doktor nicht die gesamte Medizinberichterstattung in Deutschland beobachten, sondern muss sich auf eine Auswahl von Medien beschr\u00e4nken. Mit dem Start des Medien-Doktor MEDIZIN im November 2010 haben wir zun\u00e4chst per Zufallsauswahl aus den unten aufgelisteten Medien Beitr\u00e4ge ausgesucht, [&hellip;]<\/p>\n","protected":false},"author":8,"featured_media":0,"parent":0,"menu_order":0,"comment_status":"closed","ping_status":"closed","template":"","meta":{"_acf_changed":false,"_et_pb_use_builder":"on","_et_pb_old_content":"","_et_gb_content_width":"","footnotes":""},"class_list":["post-510","page","type-page","status-publish","hentry"],"acf":[],"_links":{"self":[{"href":"https:\/\/medien-doktor.de\/gesundheit\/wp-json\/wp\/v2\/pages\/510","targetHints":{"allow":["GET"]}}],"collection":[{"href":"https:\/\/medien-doktor.de\/gesundheit\/wp-json\/wp\/v2\/pages"}],"about":[{"href":"https:\/\/medien-doktor.de\/gesundheit\/wp-json\/wp\/v2\/types\/page"}],"author":[{"embeddable":true,"href":"https:\/\/medien-doktor.de\/gesundheit\/wp-json\/wp\/v2\/users\/8"}],"replies":[{"embeddable":true,"href":"https:\/\/medien-doktor.de\/gesundheit\/wp-json\/wp\/v2\/comments?post=510"}],"version-history":[{"count":22,"href":"https:\/\/medien-doktor.de\/gesundheit\/wp-json\/wp\/v2\/pages\/510\/revisions"}],"predecessor-version":[{"id":3051,"href":"https:\/\/medien-doktor.de\/gesundheit\/wp-json\/wp\/v2\/pages\/510\/revisions\/3051"}],"wp:attachment":[{"href":"https:\/\/medien-doktor.de\/gesundheit\/wp-json\/wp\/v2\/media?parent=510"}],"curies":[{"name":"wp","href":"https:\/\/api.w.org\/{rel}","templated":true}]}}