{"id":3920,"date":"2022-12-23T13:24:19","date_gmt":"2022-12-23T12:24:19","guid":{"rendered":"https:\/\/medien-doktor.de\/gesundheit\/?page_id=3920"},"modified":"2023-11-13T14:05:52","modified_gmt":"2023-11-13T13:05:52","slug":"medien-doktor-assistance","status":"publish","type":"page","link":"https:\/\/medien-doktor.de\/gesundheit\/medien-doktor-assistance\/","title":{"rendered":"Medien-Doktor ASSISTANCE"},"content":{"rendered":"<p>[et_pb_section fb_built=&#8220;1&#8243; _builder_version=&#8220;4.16&#8243; _module_preset=&#8220;default&#8220; custom_padding=&#8220;10px|||||&#8220; da_disable_devices=&#8220;off|off|off&#8220; global_colors_info=&#8220;{}&#8220; da_is_popup=&#8220;off&#8220; da_exit_intent=&#8220;off&#8220; da_has_close=&#8220;on&#8220; da_alt_close=&#8220;off&#8220; da_dark_close=&#8220;off&#8220; da_not_modal=&#8220;on&#8220; da_is_singular=&#8220;off&#8220; da_with_loader=&#8220;off&#8220; da_has_shadow=&#8220;on&#8220;][et_pb_row column_structure=&#8220;2_3,1_3&#8243; _builder_version=&#8220;4.16&#8243; _module_preset=&#8220;default&#8220; global_colors_info=&#8220;{}&#8220;][et_pb_column type=&#8220;2_3&#8243; _builder_version=&#8220;4.16&#8243; _module_preset=&#8220;default&#8220; global_colors_info=&#8220;{}&#8220;][et_pb_image _builder_version=&#8220;4.23.1&#8243; _module_preset=&#8220;default&#8220; alt=&#8220;Das Logo des Medien-Doktor ASSISTANCE&#8220; title_text=&#8220;Medien Doktor Assistance@2x&#8220; src=&#8220;https:\/\/medien-doktor.de\/gesundheit\/wp-content\/uploads\/sites\/2\/2023\/11\/Medien-Doktor-Assistance@2x.png&#8220; hover_enabled=&#8220;0&#8243; sticky_enabled=&#8220;0&#8243;][\/et_pb_image][et_pb_text admin_label=&#8220;Text Regionalzeitungen&#8220; module_id=&#8220;1&#8243; _builder_version=&#8220;4.22.1&#8243; _module_preset=&#8220;default&#8220; global_colors_info=&#8220;{}&#8220;]<\/p>\n<h3>Qualit\u00e4tsnetzwerk und Assistenzsystem f\u00fcr eine bessere Medizinberichterstattung in Regionalmedien<\/h3>\n<p>Sp\u00e4testens seit der Pandemie sind Medizinthemen in Regionalmedien wieder pr\u00e4senter geworden, aber auch allgemeine Gesundheits- und Ern\u00e4hrungstipps bleiben ein h\u00e4ufiges Thema. Oft gibt es dort allerdings nur wenige spezialisierte Redakteurinnen und Redakteure, die medizinische Studien und Fachleute schnell und kompetent bewerten k\u00f6nnen. Im Rahmen des Medien-Doktor-Projektes \u201eMedien-Doktor ASSISTANCE\u201c wollen wir daher zusammen mit Praxis-Partnern der <a href=\"https:\/\/www.ruhrnachrichten.de\">Ruhr Nachrichten<\/a> und der <a href=\"https:\/\/www.nordbayern.de\/\">N\u00fcrnberger Zeitung<\/a> sowie weiterer Redaktionen im Rahmen eines Qualit\u00e4tsnetzwerks die Qualit\u00e4t der Wissenschafts- und Medizinberichterstattung in Regionalmedien verbessern. Die hier aufgef\u00fchrten Gutachten sollen zun\u00e4chst beispielhaft helfen, die besonderen Bed\u00fcrfnisse und Anforderungen lokaljournalistischer Medienberichterstattung herauszuarbeiten. Sie erscheinen mit einem entsprechenden Vermerk, der auf das ASSISTANCE-Projekt verweist, auf unseren Seiten auch unter <a href=\"https:\/\/medien-doktor.de\/gesundheit\/bewertungen\/\">\u201eAlle bewerteten Beitr\u00e4ge\u201c<\/a>. Die Erkenntnisse aus den Begutachtungsprozessen speziell von Regionalmedien sollen sp\u00e4ter in die Entwicklung des Prototyps f\u00fcr ein teilautomatisiertes System flie\u00dfen, das Redaktionen bei der Einhaltung von Qualit\u00e4tsma\u00dfst\u00e4ben in der Wissenschaftsberichterstattung unterst\u00fctzt. Der Medien-Doktor ASSISTANCE ist ein Kooperationsprojekt des <a href=\"https:\/\/www.wissenschaftsjournalismus.org\/\">Lehrstuhls Wissenschaftsjournalismus<\/a>, der <a href=\"https:\/\/statistik.tu-dortmund.de\/\">Fakult\u00e4t f\u00fcr Statistik<\/a> an der TU Dortmund und des <a href=\"https:\/\/www.iais.fraunhofer.de\/\">Fraunhofer-Instituts f\u00fcr Intelligente Analyse- und Informationssysteme<\/a>. Das Projekt wird von der <a href=\"https:\/\/wpk.org\/\">Wissenschaftspressekonferenz (wpk)<\/a> im Rahmen des <a href=\"https:\/\/innovationsfonds.wpk.org\/medien-doktor-assistance\/\">Innovationsfonds Wissenschaftsjournalismus<\/a> gef\u00f6rdert.<\/p>\n<p>[\/et_pb_text][et_pb_text admin_label=&#8220;Alle Beitr\u00e4ge des Specials&#8220; _builder_version=&#8220;4.22.1&#8243; _module_preset=&#8220;default&#8220; global_colors_info=&#8220;{}&#8220;]<\/p>\n<h2>Alle Beitr\u00e4ge des Specials<\/h2>\n<p>[\/et_pb_text][et_pb_de_mach_archive_loop loop_layout=&#8220;146&#8243; posts_number=&#8220;8&#8243; related_content_categories=&#8220;post_cats&#8220; custom_tax_choose=&#8220;special&#8220; include_taxomony=&#8220;regio&#8220; order_asc_desc=&#8220;DESC&#8220; enable_loadmore=&#8220;pagination&#8220; columns=&#8220;1&#8243; columns_tablet=&#8220;1&#8243; custom_gutter_width=&#8220;on&#8220; gutter_row_gap=&#8220;50px&#8220; _builder_version=&#8220;4.22.1&#8243; _module_preset=&#8220;default&#8220; global_colors_info=&#8220;{}&#8220;][\/et_pb_de_mach_archive_loop][\/et_pb_column][et_pb_column type=&#8220;1_3&#8243; _builder_version=&#8220;4.16&#8243; _module_preset=&#8220;default&#8220; background_color=&#8220;#F6F6F6&#8243; custom_padding=&#8220;20px|20px|20px|20px|false|false&#8220; global_colors_info=&#8220;{}&#8220;][et_pb_text ol_position=&#8220;outside&#8220; ol_item_indent=&#8220;20px&#8220; admin_label=&#8220;Kriterien-Kasten Gesundheit&#8220; _builder_version=&#8220;4.17.4&#8243; _module_preset=&#8220;default&#8220; text_text_color=&#8220;#000000&#8243; text_font_size=&#8220;14px&#8220; text_line_height=&#8220;2.1em&#8220; ol_text_align=&#8220;left&#8220; ol_line_height=&#8220;2.4em&#8220; header_2_text_color=&#8220;#444444&#8243; background_color=&#8220;#f6f6f6&#8243; module_alignment=&#8220;left&#8220; custom_padding=&#8220;15px|15px|15px|15px|false|false&#8220; global_module=&#8220;1285&#8243; saved_tabs=&#8220;all&#8220; locked=&#8220;off&#8220; global_colors_info=&#8220;{}&#8220;]<\/p>\n<h3>Die Kriterien des<br \/>Medien-Doktor GESUNDHEIT<\/h3>\n<ol>\n<li><a href=\"http:\/\/www.medien-doktor.de\/gesundheit\/die-kriterien\/#nutzen\">POSITIVE EFFEKTE (NUTZEN)<\/a><\/li>\n<li><a href=\"http:\/\/www.medien-doktor.de\/gesundheit\/die-kriterien\/#risiken\">RISIKEN &amp; NEBENWIRKUNGEN<\/a><\/li>\n<li><a href=\"http:\/\/www.medien-doktor.de\/gesundheit\/die-kriterien\/#verfuegbar\">VERF\u00dcGBARKEIT<\/a><\/li>\n<li><a href=\"http:\/\/www.medien-doktor.de\/gesundheit\/die-kriterien\/#alternativen\">ALTERNATIVEN<\/a><\/li>\n<li><a href=\"http:\/\/www.medien-doktor.de\/gesundheit\/die-kriterien\/#kosten\">KOSTEN<\/a><\/li>\n<li><a href=\"http:\/\/www.medien-doktor.de\/gesundheit\/die-kriterien\/#uebertreibung\">KRANKHEITS\u00dcBERTREIBUNG \/ -ERFINDUNG<\/a><\/li>\n<li><a href=\"http:\/\/www.medien-doktor.de\/gesundheit\/die-kriterien\/#belege\">BELEGE \/ EVIDENZ<\/a><\/li>\n<li><a href=\"http:\/\/www.medien-doktor.de\/gesundheit\/die-kriterien\/#experten\">EXPERTEN \/ QUELLENTRANSPARENZ<\/a><\/li>\n<li><a href=\"http:\/\/www.medien-doktor.de\/gesundheit\/die-kriterien\/#interessen\">INTERESSENKONFLIKTE<\/a><\/li>\n<li><a href=\"http:\/\/www.medien-doktor.de\/gesundheit\/die-kriterien\/#einordnung\">EINORDNUNG IN DEN KONTEXT<\/a><\/li>\n<li><a href=\"http:\/\/www.medien-doktor.de\/gesundheit\/die-kriterien\/#faktentreue\">FAKTENTREUE<\/a><\/li>\n<li><a href=\"http:\/\/www.medien-doktor.de\/gesundheit\/die-kriterien\/#eigenleistung\">JOURNALISTISCHE EIGENLEISTUNG<\/a><\/li>\n<li><a href=\"http:\/\/www.medien-doktor.de\/gesundheit\/die-kriterien\/#attraktivitaet\">ATTRAKTIVIT\u00c4T DER DARSTELLUNG<\/a><\/li>\n<li><a href=\"http:\/\/www.medien-doktor.de\/gesundheit\/die-kriterien\/#verstaendlichkeit\">VERST\u00c4NDLICHKEIT<\/a><\/li>\n<li><a href=\"http:\/\/www.medien-doktor.de\/gesundheit\/die-kriterien\/#themenauswahl\">THEMENAUSWAHL<\/a><\/li>\n<\/ol>\n<p>[\/et_pb_text][et_pb_divider _builder_version=&#8220;4.16&#8243; _module_preset=&#8220;default&#8220; global_colors_info=&#8220;{}&#8220;][\/et_pb_divider][et_pb_text admin_label=&#8220;F\u00f6rderer MD ASSISTANCE&#8220; _builder_version=&#8220;4.19.4&#8243; _module_preset=&#8220;default&#8220; global_colors_info=&#8220;{}&#8220;]<\/p>\n<h3>F\u00f6rderer Medien-Doktor ASSISTANCE<\/h3>\n<p><img loading=\"lazy\" decoding=\"async\" class=\"wp-image-3991 alignnone size-full\" src=\"https:\/\/medien-doktor.de\/gesundheit\/wp-content\/uploads\/sites\/2\/2022\/12\/Innovationsfonds-Logo.png\" alt=\"Logo des wpk Innovationsfonds\" width=\"461\" height=\"280\" srcset=\"https:\/\/medien-doktor.de\/gesundheit\/wp-content\/uploads\/sites\/2\/2022\/12\/Innovationsfonds-Logo.png 461w, https:\/\/medien-doktor.de\/gesundheit\/wp-content\/uploads\/sites\/2\/2022\/12\/Innovationsfonds-Logo-300x182.png 300w\" sizes=\"(max-width: 461px) 100vw, 461px\" \/><\/p>\n<p>&nbsp;<\/p>\n<p>&nbsp;<\/p>\n<p>[\/et_pb_text][et_pb_text disabled_on=&#8220;off|off|off&#8220; admin_label=&#8220;F\u00f6rderer MD-Gesundheit &#8220; _builder_version=&#8220;4.19.4&#8243; _module_preset=&#8220;default&#8220; global_module=&#8220;2975&#8243; saved_tabs=&#8220;all&#8220; global_colors_info=&#8220;{}&#8220;]<\/p>\n<h3>F\u00f6rderer:<\/h3>\n<p>&nbsp;<\/p>\n<p><img loading=\"lazy\" decoding=\"async\" class=\"wp-image-13 alignnone \" src=\"https:\/\/medien-doktor.de\/gesundheit\/wp-content\/uploads\/sites\/2\/2021\/05\/wort-bild-300x222.jpg\" alt=\"Logo des Wort &amp; Bild Verlags\" width=\"161\" height=\"119\" \/><\/p>\n<p>&nbsp;<\/p>\n<p><img loading=\"lazy\" decoding=\"async\" class=\"wp-image-10 alignnone \" src=\"https:\/\/medien-doktor.de\/gesundheit\/wp-content\/uploads\/sites\/2\/2021\/05\/expbio-300x64.png\" alt=\"\" width=\"239\" height=\"51\" \/><\/p>\n<p>&nbsp;<\/p>\n<p><img loading=\"lazy\" decoding=\"async\" class=\"wp-image-11 alignnone \" src=\"https:\/\/medien-doktor.de\/gesundheit\/wp-content\/uploads\/sites\/2\/2021\/05\/logo-wpk.org_.png\" alt=\"\" width=\"133\" height=\"72\" \/><\/p>\n<p>&nbsp;<\/p>\n<p><img loading=\"lazy\" decoding=\"async\" class=\"wp-image-12 alignnone \" src=\"https:\/\/medien-doktor.de\/gesundheit\/wp-content\/uploads\/sites\/2\/2021\/05\/logo_vmwj.png\" alt=\"\" width=\"151\" height=\"39\" \/><\/p>\n<p>&nbsp;<\/p>\n<p>[\/et_pb_text][\/et_pb_column][\/et_pb_row][\/et_pb_section]<\/p>\n","protected":false},"excerpt":{"rendered":"<p>Qualit\u00e4tsnetzwerk und Assistenzsystem f\u00fcr eine bessere Medizinberichterstattung in Regionalmedien Sp\u00e4testens seit der Pandemie sind Medizinthemen in Regionalmedien wieder pr\u00e4senter geworden, aber auch allgemeine Gesundheits- und Ern\u00e4hrungstipps bleiben ein h\u00e4ufiges Thema. Oft gibt es dort allerdings nur wenige spezialisierte Redakteurinnen und Redakteure, die medizinische Studien und Fachleute schnell und kompetent bewerten k\u00f6nnen. Im Rahmen des Medien-Doktor-Projektes [&hellip;]<\/p>\n","protected":false},"author":8,"featured_media":0,"parent":0,"menu_order":0,"comment_status":"closed","ping_status":"closed","template":"","meta":{"_acf_changed":false,"_et_pb_use_builder":"on","_et_pb_old_content":"","_et_gb_content_width":"","footnotes":""},"class_list":["post-3920","page","type-page","status-publish","hentry"],"acf":[],"_links":{"self":[{"href":"https:\/\/medien-doktor.de\/gesundheit\/wp-json\/wp\/v2\/pages\/3920","targetHints":{"allow":["GET"]}}],"collection":[{"href":"https:\/\/medien-doktor.de\/gesundheit\/wp-json\/wp\/v2\/pages"}],"about":[{"href":"https:\/\/medien-doktor.de\/gesundheit\/wp-json\/wp\/v2\/types\/page"}],"author":[{"embeddable":true,"href":"https:\/\/medien-doktor.de\/gesundheit\/wp-json\/wp\/v2\/users\/8"}],"replies":[{"embeddable":true,"href":"https:\/\/medien-doktor.de\/gesundheit\/wp-json\/wp\/v2\/comments?post=3920"}],"version-history":[{"count":46,"href":"https:\/\/medien-doktor.de\/gesundheit\/wp-json\/wp\/v2\/pages\/3920\/revisions"}],"predecessor-version":[{"id":4566,"href":"https:\/\/medien-doktor.de\/gesundheit\/wp-json\/wp\/v2\/pages\/3920\/revisions\/4566"}],"wp:attachment":[{"href":"https:\/\/medien-doktor.de\/gesundheit\/wp-json\/wp\/v2\/media?parent=3920"}],"curies":[{"name":"wp","href":"https:\/\/api.w.org\/{rel}","templated":true}]}}