{"id":31,"date":"2021-05-30T11:38:37","date_gmt":"2021-05-30T09:38:37","guid":{"rendered":"https:\/\/medien-doktor.de\/gesundheit\/?page_id=31"},"modified":"2022-04-06T17:34:54","modified_gmt":"2022-04-06T15:34:54","slug":"home","status":"publish","type":"page","link":"https:\/\/medien-doktor.de\/gesundheit\/","title":{"rendered":"Home"},"content":{"rendered":"<p>[et_pb_section fb_built=&#8220;1&#8243; _builder_version=&#8220;4.16&#8243; _module_preset=&#8220;default&#8220; custom_padding=&#8220;10px|||||&#8220; da_disable_devices=&#8220;off|off|off&#8220; global_colors_info=&#8220;{}&#8220; da_is_popup=&#8220;off&#8220; da_exit_intent=&#8220;off&#8220; da_has_close=&#8220;on&#8220; da_alt_close=&#8220;off&#8220; da_dark_close=&#8220;off&#8220; da_not_modal=&#8220;on&#8220; da_is_singular=&#8220;off&#8220; da_with_loader=&#8220;off&#8220; da_has_shadow=&#8220;on&#8220;][et_pb_row _builder_version=&#8220;4.16.1&#8243; _module_preset=&#8220;default&#8220; global_colors_info=&#8220;{}&#8220;][et_pb_column type=&#8220;4_4&#8243; _builder_version=&#8220;4.16&#8243; _module_preset=&#8220;default&#8220; global_colors_info=&#8220;{}&#8220;][et_pb_slider _builder_version=&#8220;4.16.1&#8243; _module_preset=&#8220;default&#8220; header_text_align=&#8220;left&#8220; header_font_size=&#8220;22px&#8220; body_text_align=&#8220;left&#8220; background_image=&#8220;https:\/\/medien-doktor.de\/gesundheit\/wp-content\/uploads\/sites\/2\/2021\/05\/Startseite-Bild-Medien-Doktor-Slider.jpg&#8220; height=&#8220;350px&#8220; hover_enabled=&#8220;0&#8243; global_colors_info=&#8220;{}&#8220; sticky_enabled=&#8220;0&#8243;][et_pb_slide heading=&#8220;Medien-Doktor<br \/>GESUNDHEIT&#8220; _builder_version=&#8220;4.16.1&#8243; _module_preset=&#8220;default&#8220; header_text_align=&#8220;left&#8220; header_font_size=&#8220;34px&#8220; body_text_align=&#8220;left&#8220; background_image=&#8220;https:\/\/medien-doktor.de\/gesundheit\/wp-content\/uploads\/sites\/2\/2021\/05\/Startseite-Bild-Medien-Doktor-Slider.jpg&#8220; background_enable_image=&#8220;on&#8220; hover_enabled=&#8220;0&#8243; global_colors_info=&#8220;{}&#8220; sticky_transition=&#8220;on&#8220; sticky_enabled=&#8220;0&#8243;][\/et_pb_slide][\/et_pb_slider][\/et_pb_column][\/et_pb_row][\/et_pb_section][et_pb_section fb_built=&#8220;1&#8243; _builder_version=&#8220;4.16&#8243; _module_preset=&#8220;default&#8220; custom_padding=&#8220;10px|||||&#8220; da_disable_devices=&#8220;off|off|off&#8220; global_colors_info=&#8220;{}&#8220; da_is_popup=&#8220;off&#8220; da_exit_intent=&#8220;off&#8220; da_has_close=&#8220;on&#8220; da_alt_close=&#8220;off&#8220; da_dark_close=&#8220;off&#8220; da_not_modal=&#8220;on&#8220; da_is_singular=&#8220;off&#8220; da_with_loader=&#8220;off&#8220; da_has_shadow=&#8220;on&#8220;][et_pb_row column_structure=&#8220;2_3,1_3&#8243; _builder_version=&#8220;4.16&#8243; _module_preset=&#8220;default&#8220; global_colors_info=&#8220;{}&#8220;][et_pb_column type=&#8220;2_3&#8243; _builder_version=&#8220;4.16&#8243; _module_preset=&#8220;default&#8220; global_colors_info=&#8220;{}&#8220;][et_pb_de_mach_archive_loop loop_layout=&#8220;146&#8243; posts_number=&#8220;5&#8243; order_asc_desc=&#8220;DESC&#8220; link_whole_gird=&#8220;off&#8220; columns=&#8220;1&#8243; columns_tablet=&#8220;1&#8243; _builder_version=&#8220;4.16&#8243; _module_preset=&#8220;default&#8220; global_colors_info=&#8220;{}&#8220;][\/et_pb_de_mach_archive_loop][et_pb_button button_url=&#8220;\/gesundheit\/bewertungen&#8220; button_text=&#8220;Alle bewerteten Beitr\u00e4ge&#8220; _builder_version=&#8220;4.16&#8243; _module_preset=&#8220;default&#8220; global_colors_info=&#8220;{}&#8220;][\/et_pb_button][\/et_pb_column][et_pb_column type=&#8220;1_3&#8243; _builder_version=&#8220;4.16&#8243; _module_preset=&#8220;default&#8220; background_color=&#8220;#F6F6F6&#8243; custom_padding=&#8220;20px|20px|20px|20px|false|false&#8220; global_colors_info=&#8220;{}&#8220;][et_pb_text admin_label=&#8220;Was macht der Medien-Doktor Gesundheit?&#8220; _builder_version=&#8220;4.16&#8243; _module_preset=&#8220;default&#8220; text_text_color=&#8220;#000000&#8243; text_font_size=&#8220;14px&#8220; header_2_text_color=&#8220;#444444&#8243; global_colors_info=&#8220;{}&#8220;]<\/p>\n<h3>Was macht der <br \/>Medien-Doktor GESUNDHEIT?<\/h3>\n<p>Wir beurteilen die Qualit\u00e4t medizin- journalistischer Beitr\u00e4ge in Publikums- medien nach festgelegten Kriterien und geben Tipps f\u00fcr das journalistische Handwerk. So hoffen wir, die Berichterstattung \u00fcber neue Therapien, Arzneimittel, Tests und Behandlungsarten besser und verst\u00e4ndlicher zu machen.<\/p>\n<p>[\/et_pb_text][et_pb_button button_url=&#8220;\/gesundheit\/wer-sind-wir\/&#8220; button_text=&#8220;Mehr Infos&#8220; _builder_version=&#8220;4.16&#8243; _module_preset=&#8220;default&#8220; global_colors_info=&#8220;{}&#8220;][\/et_pb_button][et_pb_divider _builder_version=&#8220;4.16&#8243; _module_preset=&#8220;default&#8220; global_colors_info=&#8220;{}&#8220;][\/et_pb_divider][et_pb_text admin_label=&#8220;Newsletter-Signup&#8220; _builder_version=&#8220;4.14.7&#8243; _module_preset=&#8220;default&#8220; global_module=&#8220;3151&#8243; saved_tabs=&#8220;all&#8220; global_colors_info=&#8220;{}&#8220;]<\/p>\n<h2>Der Newsletter zum Medien-Doktor GESUNDHEIT<\/h2>\n<p>Mit unserem regelm\u00e4\u00dfig erscheinenden Newsletter zu den Themen des Medien-Doktor GESUNDHEIT informieren wir Sie laufend \u00fcber neu ver\u00f6ffentlichte Gutachten auf unserer Seite. Dar\u00fcber hinaus versorgen wir Sie mit aktuellen Lesetipps und Impulsen rund um die Themen Medizin- und Gesundheitsberichterstattung.<\/p>\n<p>[\/et_pb_text][et_pb_button button_url=&#8220;https:\/\/d94795e4.sibforms.com\/serve\/MUIEAEt1KXE7NMjBTOTV_uBCZ6d0fcsUdUMhqwLbyS3_9y0Blo1LYdhqfX0vmUFvwGTcHEE25LxKwjCDuBzoG04dHisBlknokIeccc_eLbYWwvK5lop8AD9Es_PoJB396Fw7m8iJbzTMiXm0uf4czzX3gdjlPKymrq6Tc8pt9XaumS2vATzmysoFYQ8lUkNIAWoqjn22IXeqz8iT&#8220; url_new_window=&#8220;on&#8220; button_text=&#8220;Zur Newsletter-Anmeldung&#8220; _builder_version=&#8220;4.14.7&#8243; _module_preset=&#8220;default&#8220; global_module=&#8220;3152&#8243; saved_tabs=&#8220;all&#8220; global_colors_info=&#8220;{}&#8220;][\/et_pb_button][et_pb_text admin_label=&#8220;F\u00f6rderer MD-Gesundheit &#8220; _builder_version=&#8220;4.13.1&#8243; _module_preset=&#8220;default&#8220; global_module=&#8220;2975&#8243; global_colors_info=&#8220;{}&#8220;]<\/p>\n<h3>F\u00f6rderer:<\/h3>\n<p>&nbsp;<\/p>\n<p><img loading=\"lazy\" decoding=\"async\" class=\"wp-image-13 alignnone \" src=\"https:\/\/medien-doktor.de\/gesundheit\/wp-content\/uploads\/sites\/2\/2021\/05\/wort-bild-300x222.jpg\" alt=\"Logo des Wort &amp; Bild Verlags\" width=\"161\" height=\"119\" \/><\/p>\n<p>&nbsp;<\/p>\n<p><img loading=\"lazy\" decoding=\"async\" class=\"wp-image-10 alignnone \" src=\"https:\/\/medien-doktor.de\/gesundheit\/wp-content\/uploads\/sites\/2\/2021\/05\/expbio-300x64.png\" alt=\"\" width=\"239\" height=\"51\" \/><\/p>\n<p>&nbsp;<\/p>\n<p><img loading=\"lazy\" decoding=\"async\" class=\"wp-image-11 alignnone \" src=\"https:\/\/medien-doktor.de\/gesundheit\/wp-content\/uploads\/sites\/2\/2021\/05\/logo-wpk.org_.png\" alt=\"\" width=\"133\" height=\"72\" \/><\/p>\n<p>&nbsp;<\/p>\n<p><img loading=\"lazy\" decoding=\"async\" class=\"wp-image-12 alignnone \" src=\"https:\/\/medien-doktor.de\/gesundheit\/wp-content\/uploads\/sites\/2\/2021\/05\/logo_vmwj.png\" alt=\"\" width=\"151\" height=\"39\" \/><\/p>\n<p>&nbsp;<\/p>\n<p>[\/et_pb_text][\/et_pb_column][\/et_pb_row][\/et_pb_section]<\/p>\n","protected":false},"excerpt":{"rendered":"<p>Wir beurteilen die Qualit\u00e4t medizinjournalistischer Beitr\u00e4ge in Publikumsmedien nach festgelegten Kriterien und geben Tipps f\u00fcr das journalistische Handwerk. So hoffen wir, die Berichterstattung \u00fcber neue Therapien, Arzneimittel, Tests und Behandlungsarten besser und verst\u00e4ndlicher zu machen.<\/p>\n","protected":false},"author":2,"featured_media":0,"parent":0,"menu_order":0,"comment_status":"closed","ping_status":"closed","template":"","meta":{"_acf_changed":false,"_et_pb_use_builder":"on","_et_pb_old_content":"","_et_gb_content_width":"","footnotes":""},"class_list":["post-31","page","type-page","status-publish","hentry"],"acf":[],"_links":{"self":[{"href":"https:\/\/medien-doktor.de\/gesundheit\/wp-json\/wp\/v2\/pages\/31","targetHints":{"allow":["GET"]}}],"collection":[{"href":"https:\/\/medien-doktor.de\/gesundheit\/wp-json\/wp\/v2\/pages"}],"about":[{"href":"https:\/\/medien-doktor.de\/gesundheit\/wp-json\/wp\/v2\/types\/page"}],"author":[{"embeddable":true,"href":"https:\/\/medien-doktor.de\/gesundheit\/wp-json\/wp\/v2\/users\/2"}],"replies":[{"embeddable":true,"href":"https:\/\/medien-doktor.de\/gesundheit\/wp-json\/wp\/v2\/comments?post=31"}],"version-history":[{"count":44,"href":"https:\/\/medien-doktor.de\/gesundheit\/wp-json\/wp\/v2\/pages\/31\/revisions"}],"predecessor-version":[{"id":4414,"href":"https:\/\/medien-doktor.de\/gesundheit\/wp-json\/wp\/v2\/pages\/31\/revisions\/4414"}],"wp:attachment":[{"href":"https:\/\/medien-doktor.de\/gesundheit\/wp-json\/wp\/v2\/media?parent=31"}],"curies":[{"name":"wp","href":"https:\/\/api.w.org\/{rel}","templated":true}]}}