{"id":489,"date":"2021-09-20T20:08:27","date_gmt":"2021-09-20T18:08:27","guid":{"rendered":"https:\/\/medien-doktor.de\/ernaehrung\/?page_id=489"},"modified":"2021-11-05T21:24:21","modified_gmt":"2021-11-05T20:24:21","slug":"gutachter","status":"publish","type":"page","link":"https:\/\/medien-doktor.de\/ernaehrung\/gutachter\/","title":{"rendered":"Gutachterinnen und Gutachter"},"content":{"rendered":"<p>[et_pb_section fb_built=&#8220;1&#8243; _builder_version=&#8220;4.10.6&#8243; _module_preset=&#8220;default&#8220; custom_padding=&#8220;10px|||||&#8220; da_disable_devices=&#8220;off|off|off&#8220; global_colors_info=&#8220;{}&#8220; da_is_popup=&#8220;off&#8220; da_exit_intent=&#8220;off&#8220; da_has_close=&#8220;on&#8220; da_alt_close=&#8220;off&#8220; da_dark_close=&#8220;off&#8220; da_not_modal=&#8220;on&#8220; da_is_singular=&#8220;off&#8220; da_with_loader=&#8220;off&#8220; da_has_shadow=&#8220;on&#8220;][et_pb_row column_structure=&#8220;2_3,1_3&#8243; _builder_version=&#8220;4.9.4&#8243; _module_preset=&#8220;default&#8220; global_colors_info=&#8220;{}&#8220;][et_pb_column type=&#8220;2_3&#8243; _builder_version=&#8220;4.9.4&#8243; _module_preset=&#8220;default&#8220; global_colors_info=&#8220;{}&#8220;][et_pb_text admin_label=&#8220;\u00dcberschrift &#8220; _builder_version=&#8220;4.10.7&#8243; _module_preset=&#8220;default&#8220; global_colors_info=&#8220;{}&#8220;]<\/p>\n<h1>Gutachterinnen und Gutachter<\/h1>\n<p>[\/et_pb_text][et_pb_text admin_label=&#8220;Wer erstellt die Gutachten Titel &#8220; module_id=&#8220;1&#8243; _builder_version=&#8220;4.10.7&#8243; _module_preset=&#8220;default&#8220; global_colors_info=&#8220;{}&#8220;]<\/p>\n<p>Uns unterst\u00fctzt ein Team erfahrener Wissenschafts- und Ern\u00e4hrungsjournalistinnen aus allen Mediengattungen als Gutachterinnen. Im Folgenden stellen wir sie in alphabetischer Reihenfolge in Kurzbiografien vor. Eine Erkl\u00e4rung des Begutachtungsprozesses finden Sie <a href=\"https:\/\/medien-doktor.de\/ernaehrung\/uber-uns\/wie-wir-bewerten\/\">hier<\/a>.<\/p>\n<p>[\/et_pb_text][et_pb_divider _builder_version=&#8220;4.9.7&#8243; _module_preset=&#8220;default&#8220; global_colors_info=&#8220;{}&#8220;][\/et_pb_divider][et_pb_team_member name=&#8220;Johanna Bayer&#8220; image_url=&#8220;https:\/\/medien-doktor.de\/ernaehrung\/wp-content\/uploads\/sites\/3\/2021\/09\/Johanna-Bayer-1.jpg&#8220; admin_label=&#8220;Johanna Bayer&#8220; _builder_version=&#8220;4.10.8&#8243; _module_preset=&#8220;default&#8220; global_colors_info=&#8220;{}&#8220;]<\/p>\n<p>Johanna Bayer ist Wissenschaftsjournalistin, Autorin und Foodbloggerin mit ihrem eigenen Blog <a href=\"https:\/\/web.archive.org\/web\/20210228223408\/http:\/\/www.quarkundso.de\/\">\u201eQuark und so\u201c<\/a>. Sie hat viele Jahre f\u00fcr ARD, WDR, BR, HR und ARTE als TV-Autorin gearbeitet, darunter f\u00fcr die Wissensmagazine \u201eQuarks &amp; Co,\u201c, \u201eW wie Wissen\u201c und \u201eXenius\u201c; au\u00dferdem als Journalistin f\u00fcr Stern \u2013 Gesund leben, FAS und andere. Dabei hat sie sich auf die Themen Ern\u00e4hrung, Gesundheit, Bewegung und Anthropologie spezialisiert. Inzwischen h\u00e4lt Johanna Bayer auch Vortr\u00e4ge zum Umgang der Medien mit Ern\u00e4hrungsthemen, ist Sachbuchautorin und Beir\u00e4tin f\u00fcr Medien im Ern\u00e4hrungsfachverband QUETHEB. An der HSWT Weihenstephan-Triesdorf hat sie einen Lehrauftrag als Dozentin f\u00fcr Kommunikation im Fachbereich Ern\u00e4hrung.<\/p>\n<p>[\/et_pb_team_member][et_pb_team_member name=&#8220;Hristio Boytchev&#8220; image_url=&#8220;https:\/\/medien-doktor.de\/ernaehrung\/wp-content\/uploads\/sites\/3\/2021\/07\/hristio-boytchev_bearbeitet.jpg&#8220; admin_label=&#8220;Hristio Boytchev&#8220; _builder_version=&#8220;4.10.8&#8243; _module_preset=&#8220;default&#8220; global_colors_info=&#8220;{}&#8220;]<\/p>\n<p>Hristio Boytchev ist freier Journalist mit Fokus Wissenschaft, Medizin, Investigativ- und Datenjournalismus. Diplombiologe. Carl-Sagan-Preis der GWUP 2017, 3. Preis Wissenschaftsjournalist des Jahres 2016, Medium Magazin, Arthur F. Burns Fellow 2012 bei der Washington Post. Er ist auch Gutachter beim Medien-Doktor Gesundheit.<\/p>\n<p>[\/et_pb_team_member][et_pb_team_member name=&#8220;Kathrin Burger&#8220; image_url=&#8220;https:\/\/medien-doktor.de\/ernaehrung\/wp-content\/uploads\/sites\/3\/2021\/09\/Kathrin-Burger-1.jpg&#8220; admin_label=&#8220;Kathrin Burger&#8220; _builder_version=&#8220;4.10.8&#8243; _module_preset=&#8220;default&#8220; global_colors_info=&#8220;{}&#8220;]<\/p>\n<p>Kathrin Burger ist Freie Wissenschaftsjournalistin und arbeitet seit 1999 f\u00fcr zahlreiche Print- und Online-Medien wie etwa die S\u00fcddeutsche Zeitung, die Zeit, die taz, Bild der Wissenschaft, Brigitte, Psychologie heute, Spektrum.de oder Spiegel Online. Sie studierte \u00d6kotrophologie an der TU M\u00fcnchen sowie \u201eInternational Studies\u201c in Madrid. Von ihr sind vier B\u00fccher erschienen: \u201eDie Vollkornl\u00fcge\u201c (2008), \u201eHauptsache, es schmeckt\u201c (2011), \u201eBesser essen nebenbei\u201c (2018) sowie \u201eFoodamentalismus\u201c (2019). Sie lebt mit ihrer Familie in M\u00fcnchen.<\/p>\n<p>[\/et_pb_team_member][et_pb_team_member name=&#8220;Kathrin Gie\u00dfelmann&#8220; image_url=&#8220;https:\/\/medien-doktor.de\/ernaehrung\/wp-content\/uploads\/sites\/3\/2021\/09\/Kathrin-Giesselmann.jpg&#8220; admin_label=&#8220;Kathrin Gie\u00dfelmann&#8220; _builder_version=&#8220;4.10.8&#8243; _module_preset=&#8220;default&#8220; global_colors_info=&#8220;{}&#8220;]<\/p>\n<p>Kathrin Gie\u00dfelmann ist seit 2016 Redakteurin beim Deutschen \u00c4rzteblatt (online\/print) in Berlin. Hier befasst sie sich vor allem mit aktuellen wissenschaftlichen Publikationen und schreibt Studienzusammenfassungen. Ihr Fokus liegt auf den Themen Medizin und Ern\u00e4hrung \u2013 auch im politischen Kontext. Zuvor war sie fast 8 Jahre in der Pressestelle des Georg Thieme Verlags t\u00e4tig und studierte Biologie an der Universit\u00e4t Heidelberg sowie der Adelaide University in Australien. Erste Erfahrungen im Wissenschaftsjournalismus machte sie 2007 bei diversen Praktika (u.a. spektrum online, Pressestelle DKFZ) und einem Journalismus-Fernstudium.<\/p>\n<p>[\/et_pb_team_member][et_pb_team_member name=&#8220;J\u00f6rn Kabisch&#8220; image_url=&#8220;https:\/\/medien-doktor.de\/ernaehrung\/wp-content\/uploads\/sites\/3\/2021\/09\/Joern-Kabisch-1.jpg&#8220; admin_label=&#8220;J\u00f6rn Kabisch&#8220; _builder_version=&#8220;4.10.8&#8243; _module_preset=&#8220;default&#8220; global_colors_info=&#8220;{}&#8220;]<\/p>\n<p>J\u00f6rn Kabisch studierte Jura und Philosophie und volontierte anschlie\u00dfend bei der M\u00e4rkischen Oderzeitung. Seit \u00fcber zwanzig Jahren arbeitet er als Blattmacher, mit Stationen bei der Wochenzeitung der Freitag und Brand eins, aktuell ist er Text- und Themenchef bei der taz. Seit acht Jahren ist er zus\u00e4tzlich Kulinarischer Korrepondent der taz mit besonderem Fokus auf Themen an der Schnittstelle von Politik, Gesellschaft und Ern\u00e4hrung. 2018 erschien sein Buch \u201eMit Herd und Seele\u201c beim Piper Verlag.<\/p>\n<p>[\/et_pb_team_member][et_pb_team_member name=&#8220;Dr. Wiebke R\u00f6gener-Schwarz&#8220; image_url=&#8220;https:\/\/medien-doktor.de\/ernaehrung\/wp-content\/uploads\/sites\/3\/2021\/07\/Wiebke_Roegener_Portrait.jpg&#8220; admin_label=&#8220;Dr. Wiebke R\u00f6gener-Schwarz&#8220; _builder_version=&#8220;4.10.8&#8243; _module_preset=&#8220;default&#8220; global_colors_info=&#8220;{}&#8220;]<\/p>\n<p>Dr. Wiebke R\u00f6gener\u00a0ist die leitende Redakteurin des\u00a0Medien-Doktor UMWELT, eines Monitoring-Projekts zur Qualit\u00e4t der Umweltberichterstattung am Lehrstuhl Wissenschaftsjournalismus der TU Dortmund. Sie\u00a0studierte an der Universit\u00e4t Hamburg Biologie mit dem Hauptfach Zoologie. Auf die Doktorarbeit an der Universit\u00e4tsklinik K\u00f6ln folgten weitere zehn Jahre wissenschaftlicher T\u00e4tigkeit in der Immun- und Neurobiologie in Swansea (UK), Bremen und L\u00fcbeck. 1995 begann Wiebke R\u00f6gener als freie Wissenschaftsjournalistin zu arbeiten. Seither schreibt sie zu Themen aus Naturwissenschaft, Umwelt, Medizin und Forschungspolitik. Ihre Texte erschienen v. a. in der S\u00fcddeutschen Zeitung, bei der sie in den Jahren 1999 und 2000 auch Redakteursstellen im Wissenschaftsressort vertrat.\u00a0 Von Dezember 2006 bis Juli 2019 war Wiebke R\u00f6gener als Wissenschaftliche Mitarbeiterin am Institut\u00a0 f\u00fcr Journalistik der TU Dortmund t\u00e4tig. 2009 wurde sie mit dem Journalistenpreis des Deutschen Netzwerks Evidenzbasierte Medizin ausgezeichnet. 2014 erschien ihr Buch \u201eHyper-Hirn\u201c im Ernst Reinhardt Verlag.<\/p>\n<p>[\/et_pb_team_member][et_pb_team_member name=&#8220;Julia Rommelfanger&#8220; image_url=&#8220;https:\/\/medien-doktor.de\/ernaehrung\/wp-content\/uploads\/sites\/3\/2021\/09\/Foto_Rommelfanger.jpg&#8220; admin_label=&#8220;Julia Rommelfanger&#8220; _builder_version=&#8220;4.10.8&#8243; _module_preset=&#8220;default&#8220; global_colors_info=&#8220;{}&#8220;]<\/p>\n<p>Julia Rommelfanger hat Sportwissenschaft mit Schwerpunkt Medien\/Kommunikation an der Deutschen Sporthochschule K\u00f6ln sowie Englisch und Journalismus in New York studiert und war in Redaktionen von Agenturen, Online-Nachrichtenportalen sowie beim Deutschen \u00c4rzteverlag \u00a0und f\u00fcr das Kardiologie-Nachrichtenportal theheart.org (heute Teil von Medscape) t\u00e4tig. Seit vielen Jahren arbeitet sie als freiberufliche Redakteurin und Medizinjournalistin, unter anderem f\u00fcr die Medizinplattform Medscape.de und die Rheinische Post. Ihre Spezialgebiete sind Gesundheit, Ern\u00e4hrung, Medizin und Sport.<\/p>\n<p>[\/et_pb_team_member][et_pb_team_member image_url=&#8220;https:\/\/medien-doktor.de\/ernaehrung\/wp-content\/uploads\/sites\/3\/2021\/09\/Veronika-Szentpetery-Kessler-1.jpg&#8220; admin_label=&#8220;Veronika Szentp\u00e9tery-Kessler&#8220; _builder_version=&#8220;4.10.8&#8243; _module_preset=&#8220;default&#8220; global_colors_info=&#8220;{}&#8220;]<\/p>\n<p>Veronika Szentp\u00e9tery-Kessler ist freie Wissenschaftsjournalistin. Nach dem Biologie-Studium volontierte und arbeitete sie ab 2002 beim Biocom-Verlag in Berlin, wo sie f\u00fcr die Biotech-Medien Transkript, Laborwelt und European Biotechnology News schrieb \u2013 letztere baute sie auch mit auf. Nach einem ersten Abstecher in die Selbst\u00e4ndigkeit wechselte sie 2006 als Redakteurin f\u00fcr Medizin, Ern\u00e4hrung und benachbarte Themenbiotope nach Hannover zur deutschen Ausgabe von Technology Review. Inzwischen ist sie selbst\u00e4ndig und lebt mit ihrer Familie in Schottland. Sie schreibt nicht nur \u00fcber Neurowissenschaften, Gentherapien und Medizin(technik). Zu ihren Ern\u00e4hrungsschwerpunkten geh\u00f6ren auch wahre und falsche Gesundheitsversprechen von Lebensmitteln sowie Ern\u00e4hrungsphysiologie und -medizin. Ihren Technikhunger stillt sie mit Themen aus der Lebensmittel- und Pflanzenz\u00fcchtungstechnologie.<\/p>\n<p>[\/et_pb_team_member][\/et_pb_column][et_pb_column type=&#8220;1_3&#8243; _builder_version=&#8220;4.9.4&#8243; _module_preset=&#8220;default&#8220; background_color=&#8220;#F6F6F6&#8243; custom_padding=&#8220;20px|20px|20px|20px|false|false&#8220; global_colors_info=&#8220;{}&#8220;][et_pb_text admin_label=&#8220;Projekt-Kasten Ern\u00e4hrung&#8220; _builder_version=&#8220;4.10.7&#8243; _module_preset=&#8220;default&#8220; global_module=&#8220;1506&#8243; saved_tabs=&#8220;all&#8220; locked=&#8220;off&#8220; global_colors_info=&#8220;{}&#8220;]<\/p>\n<h3>\u00dcber das Projekt<br \/>Medien-Doktor ERN\u00c4HRUNG<\/h3>\n<ul>\n<li><a href=\"http:\/\/www.medien-doktor.de\/ernaehrung\/wer-sind-wir\/#projekt\">Was ist das Projekt?<\/a><\/li>\n<li><a href=\"http:\/\/www.medien-doktor.de\/ernaehrung\/wer-sind-wir\/#ziele\">Ziele des Medien-Doktors<\/a><\/li>\n<li><a href=\"http:\/\/www.medien-doktor.de\/ernaehrung\/wer-sind-wir\/#finanzierung\">Finanzierung<\/a><\/li>\n<li><a href=\"http:\/\/www.medien-doktor.de\/ernaehrung\/wer-sind-wir\/#idee\">Woher stammt die Idee?<\/a><\/li>\n<li><a href=\"http:\/\/www.medien-doktor.de\/ernaehrung\/wer-sind-wir\/#personen\">Wer ist beteiligt?<\/a><\/li>\n<li><a href=\"http:\/\/www.medien-doktor.de\/ernaehrung\/gutachter\">Gutachterinnen und Gutachter<\/a><\/li>\n<\/ul>\n<p>[\/et_pb_text][et_pb_text ol_position=&#8220;outside&#8220; ol_item_indent=&#8220;20px&#8220; admin_label=&#8220;Kriterien-Kasten Ern\u00e4hrung&#8220; _builder_version=&#8220;4.13.0&#8243; _module_preset=&#8220;default&#8220; text_text_color=&#8220;#000000&#8243; text_font_size=&#8220;14px&#8220; ol_text_align=&#8220;left&#8220; ol_line_height=&#8220;2.4em&#8220; header_2_text_color=&#8220;#444444&#8243; module_alignment=&#8220;left&#8220; global_module=&#8220;1392&#8243; saved_tabs=&#8220;all&#8220; locked=&#8220;off&#8220; global_colors_info=&#8220;{}&#8220;]<\/p>\n<h3>Die Kriterien des<br \/>Medien-Doktor ERN\u00c4HRUNG<\/h3>\n<ol>\n<li><a href=\"https:\/\/medien-doktor.de\/ernaehrung\/die-kriterien\/#nutzen\">POSITIVE EFFEKTE (NUTZEN)<\/a><\/li>\n<li><a href=\"https:\/\/medien-doktor.de\/ernaehrung\/die-kriterien\/#risiken\">NEGATIVE EFFEKTE (RISIKEN)<\/a><\/li>\n<li><a href=\"https:\/\/medien-doktor.de\/ernaehrung\/die-kriterien\/#alternativen\">ALTERNATIVEN \/ VERGLEICH<\/a><\/li>\n<li><a href=\"https:\/\/medien-doktor.de\/ernaehrung\/die-kriterien\/#belege\">BELEGE \/ EVIDENZ<\/a><\/li>\n<li><a href=\"https:\/\/medien-doktor.de\/ernaehrung\/die-kriterien\/#experten\">EXPERTEN \/ QUELLENTRANSPARENZ<\/a><\/li>\n<li><a href=\"https:\/\/medien-doktor.de\/ernaehrung\/die-kriterien\/#interessen\">INTERESSENKONFLIKTE<\/a><\/li>\n<li><a href=\"https:\/\/medien-doktor.de\/ernaehrung\/die-kriterien\/#kontext\">EINORDNUNG IN DEN KONTEXT<\/a><\/li>\n<li><a href=\"https:\/\/medien-doktor.de\/ernaehrung\/die-kriterien\/#fakten\">FAKTENTREUE<\/a><\/li>\n<li><a href=\"https:\/\/medien-doktor.de\/ernaehrung\/die-kriterien\/#eigenleistung\">JOURNALISTISCHE EIGENLEISTUNG<\/a><\/li>\n<li><a href=\"https:\/\/medien-doktor.de\/ernaehrung\/die-kriterien\/#attraktivitaet\">ATTRAKTIVIT\u00c4T DER DARSTELLUNG<\/a><\/li>\n<li><a href=\"https:\/\/medien-doktor.de\/ernaehrung\/die-kriterien\/#verstaendlichkeit\">VERST\u00c4NDLICHKEIT<\/a><\/li>\n<li><a href=\"https:\/\/medien-doktor.de\/ernaehrung\/die-kriterien\/#thema\">THEMENAUSWAHL<\/a><\/li>\n<\/ol>\n<p>[\/et_pb_text][et_pb_divider _builder_version=&#8220;4.13.0&#8243; _module_preset=&#8220;default&#8220; hover_enabled=&#8220;0&#8243; sticky_enabled=&#8220;0&#8243;][\/et_pb_divider][et_pb_text admin_label=&#8220;F\u00f6rderer MD-Ern\u00e4hrung&#8220; _builder_version=&#8220;4.13.0&#8243; _module_preset=&#8220;default&#8220; global_colors_info=&#8220;{}&#8220; global_module=&#8220;1822&#8243; theme_builder_area=&#8220;post_content&#8220;]<\/p>\n<h2>F\u00f6rderer:<\/h2>\n<p>&nbsp;<\/p>\n<p><img loading=\"lazy\" decoding=\"async\" class=\"wp-image-1156 alignnone \" src=\"https:\/\/medien-doktor.de\/ernaehrung\/wp-content\/uploads\/sites\/3\/2021\/08\/nutriCARD-deutsch.jpeg\" alt=\"\" width=\"315\" height=\"108\" \/><\/p>\n<p>&nbsp;<\/p>\n<p><img loading=\"lazy\" decoding=\"async\" class=\"wp-image-1823 alignnone \" src=\"https:\/\/medien-doktor.de\/ernaehrung\/wp-content\/uploads\/sites\/3\/2021\/11\/BMBF-300x213.jpg\" alt=\"\" width=\"306\" height=\"217\" \/><\/p>\n<p>&nbsp;<\/p>\n<p>&nbsp;<\/p>\n<p>&nbsp;<\/p>\n<p>[\/et_pb_text][\/et_pb_column][\/et_pb_row][\/et_pb_section]<\/p>\n","protected":false},"excerpt":{"rendered":"<p>Gutachterinnen und GutachterUns unterst\u00fctzt ein Team erfahrener Wissenschafts- und Ern\u00e4hrungsjournalistinnen aus allen Mediengattungen als Gutachterinnen. Im Folgenden stellen wir sie in alphabetischer Reihenfolge in Kurzbiografien vor. Eine Erkl\u00e4rung des Begutachtungsprozesses finden Sie hier.Johanna Bayer ist Wissenschaftsjournalistin, Autorin und Foodbloggerin mit ihrem eigenen Blog \u201eQuark und so\u201c. Sie hat viele Jahre f\u00fcr ARD, WDR, BR, HR [&hellip;]<\/p>\n","protected":false},"author":8,"featured_media":0,"parent":0,"menu_order":0,"comment_status":"closed","ping_status":"closed","template":"","meta":{"_acf_changed":false,"_et_pb_use_builder":"on","_et_pb_old_content":"","_et_gb_content_width":"","footnotes":""},"class_list":["post-489","page","type-page","status-publish","hentry"],"acf":[],"_links":{"self":[{"href":"https:\/\/medien-doktor.de\/ernaehrung\/wp-json\/wp\/v2\/pages\/489","targetHints":{"allow":["GET"]}}],"collection":[{"href":"https:\/\/medien-doktor.de\/ernaehrung\/wp-json\/wp\/v2\/pages"}],"about":[{"href":"https:\/\/medien-doktor.de\/ernaehrung\/wp-json\/wp\/v2\/types\/page"}],"author":[{"embeddable":true,"href":"https:\/\/medien-doktor.de\/ernaehrung\/wp-json\/wp\/v2\/users\/8"}],"replies":[{"embeddable":true,"href":"https:\/\/medien-doktor.de\/ernaehrung\/wp-json\/wp\/v2\/comments?post=489"}],"version-history":[{"count":50,"href":"https:\/\/medien-doktor.de\/ernaehrung\/wp-json\/wp\/v2\/pages\/489\/revisions"}],"predecessor-version":[{"id":1847,"href":"https:\/\/medien-doktor.de\/ernaehrung\/wp-json\/wp\/v2\/pages\/489\/revisions\/1847"}],"wp:attachment":[{"href":"https:\/\/medien-doktor.de\/ernaehrung\/wp-json\/wp\/v2\/media?parent=489"}],"curies":[{"name":"wp","href":"https:\/\/api.w.org\/{rel}","templated":true}]}}